Last updated on 2025-07-19 13:50:28 CEST.
Flavor | Version | Tinstall | Tcheck | Ttotal | Status | Flags |
---|---|---|---|---|---|---|
r-devel-linux-x86_64-debian-clang | 0.1.0 | 16.23 | 142.96 | 159.19 | OK | |
r-devel-linux-x86_64-debian-gcc | 0.1.0 | 12.07 | 106.11 | 118.18 | OK | |
r-devel-linux-x86_64-fedora-clang | 0.1.0 | 242.17 | NOTE | |||
r-devel-linux-x86_64-fedora-gcc | 0.1.0 | 242.28 | NOTE | |||
r-devel-windows-x86_64 | 0.1.0 | 17.00 | 143.00 | 160.00 | OK | |
r-patched-linux-x86_64 | 0.1.0 | 14.64 | 137.57 | 152.21 | OK | |
r-release-linux-x86_64 | 0.1.0 | 16.78 | 134.47 | 151.25 | OK | |
r-release-macos-arm64 | 0.1.0 | 59.00 | OK | |||
r-release-macos-x86_64 | 0.1.0 | 99.00 | OK | |||
r-release-windows-x86_64 | 0.1.0 | 16.00 | 129.00 | 145.00 | OK | |
r-oldrel-macos-arm64 | 0.1.0 | 74.00 | OK | |||
r-oldrel-macos-x86_64 | 0.1.0 | 127.00 | OK | |||
r-oldrel-windows-x86_64 | 0.1.0 | 22.00 | 172.00 | 194.00 | OK |
Version: 0.1.0
Check: dependencies in R code
Result: NOTE
Namespace in Imports field not imported from: ‘Matrix’
All declared Imports should be used.
Flavors: r-devel-linux-x86_64-fedora-clang, r-devel-linux-x86_64-fedora-gcc