Last updated on 2025-05-19 12:50:19 CEST.
Flavor | Version | Tinstall | Tcheck | Ttotal | Status | Flags |
---|---|---|---|---|---|---|
r-devel-linux-x86_64-debian-clang | 1.5 | 1.43 | 15.96 | 17.39 | NOTE | |
r-devel-linux-x86_64-debian-gcc | 1.5 | 1.25 | 13.48 | 14.73 | NOTE | |
r-devel-linux-x86_64-fedora-clang | 1.5 | 27.34 | OK | |||
r-devel-linux-x86_64-fedora-gcc | 1.5 | 25.60 | OK | |||
r-devel-windows-x86_64 | 1.5 | 3.00 | 38.00 | 41.00 | OK | |
r-patched-linux-x86_64 | 1.5 | 1.46 | 15.20 | 16.66 | OK | |
r-release-linux-x86_64 | 1.5 | 1.51 | 15.28 | 16.79 | OK | |
r-release-macos-arm64 | 1.5 | 16.00 | OK | |||
r-release-macos-x86_64 | 1.5 | 20.00 | OK | |||
r-release-windows-x86_64 | 1.5 | 3.00 | 37.00 | 40.00 | OK | |
r-oldrel-macos-arm64 | 1.5 | 19.00 | OK | |||
r-oldrel-macos-x86_64 | 1.5 | 18.00 | OK | |||
r-oldrel-windows-x86_64 | 1.5 | 2.00 | 33.00 | 35.00 | OK |
Version: 1.5
Check: CRAN incoming feasibility
Result: NOTE
Maintainer: ‘Jonathan Rougier <j.c.rougier@bristol.ac.uk>’
No Authors@R field in DESCRIPTION.
Please add one, modifying
Authors@R: person(given = "Jonathan",
family = "Rougier",
role = c("aut", "cre"),
email = "j.c.rougier@bristol.ac.uk")
as necessary.
The Date field is not in ISO 8601 yyyy-mm-dd format.
Flavors: r-devel-linux-x86_64-debian-clang, r-devel-linux-x86_64-debian-gcc