Last updated on 2024-08-16 12:49:22 CEST.
Flavor | Version | Tinstall | Tcheck | Ttotal | Status | Flags |
---|---|---|---|---|---|---|
r-devel-linux-x86_64-debian-clang | 0.4.2 | 4.58 | 65.07 | 69.65 | OK | |
r-devel-linux-x86_64-debian-gcc | 0.4.2 | 3.56 | 47.68 | 51.24 | OK | |
r-devel-linux-x86_64-fedora-clang | 0.4.2 | 130.69 | NOTE | |||
r-devel-linux-x86_64-fedora-gcc | 0.4.2 | 140.35 | NOTE | |||
r-devel-windows-x86_64 | 0.4.2 | 8.00 | 85.00 | 93.00 | OK | |
r-patched-linux-x86_64 | 0.4.2 | 5.46 | 59.99 | 65.45 | OK | |
r-release-linux-x86_64 | 0.4.2 | 4.08 | 60.76 | 64.84 | OK | |
r-release-macos-arm64 | 0.4.2 | 49.00 | OK | |||
r-release-macos-x86_64 | 0.4.2 | 79.00 | OK | |||
r-release-windows-x86_64 | 0.4.2 | 8.00 | 85.00 | 93.00 | OK | |
r-oldrel-macos-arm64 | 0.4.2 | 80.00 | OK | |||
r-oldrel-macos-x86_64 | 0.4.2 | 100.00 | OK | |||
r-oldrel-windows-x86_64 | 0.4.2 | 9.00 | 97.00 | 106.00 | OK |
Version: 0.4.2
Check: for detritus in the temp directory
Result: NOTE
Found the following files/directories:
‘Crashpad’
Flavors: r-devel-linux-x86_64-fedora-clang, r-devel-linux-x86_64-fedora-gcc