Last updated on 2025-11-05 00:49:47 CET.
| Flavor | Version | Tinstall | Tcheck | Ttotal | Status | Flags |
|---|---|---|---|---|---|---|
| r-devel-linux-x86_64-debian-clang | 0.3-8 | 7.90 | 320.40 | 328.30 | OK | |
| r-devel-linux-x86_64-debian-gcc | 0.3-8 | 5.95 | 212.21 | 218.16 | OK | |
| r-devel-linux-x86_64-fedora-clang | 0.3-8 | 34.00 | 492.61 | 526.61 | WARN | |
| r-devel-linux-x86_64-fedora-gcc | 0.3-8 | 17.00 | 434.73 | 451.73 | WARN | |
| r-devel-windows-x86_64 | 0.3-8 | 11.00 | 380.00 | 391.00 | OK | |
| r-patched-linux-x86_64 | 0.3-8 | 8.01 | 315.21 | 323.22 | OK | |
| r-release-linux-x86_64 | 0.3-8 | 7.94 | 315.31 | 323.25 | OK | |
| r-release-macos-arm64 | 0.3-8 | 4.00 | 152.00 | 156.00 | OK | |
| r-release-macos-x86_64 | 0.3-8 | 7.00 | 356.00 | 363.00 | OK | |
| r-release-windows-x86_64 | 0.3-8 | 9.00 | 381.00 | 390.00 | OK | |
| r-oldrel-macos-arm64 | 0.3-8 | 4.00 | 169.00 | 173.00 | OK | |
| r-oldrel-macos-x86_64 | 0.3-8 | 6.00 | 362.00 | 368.00 | OK | |
| r-oldrel-windows-x86_64 | 0.3-8 | 14.00 | 483.00 | 497.00 | OK |
Version: 0.3-8
Check: re-building of vignette outputs
Result: WARN
Error(s) in re-building vignettes:
--- re-building ‘tbm_supplement.Rnw’ using knitr
warning: solve(): system is singular; attempting approx solution
warning: solve(): system is singular; attempting approx solution
warning: solve(): system is singular; attempting approx solution
warning: solve(): system is singular; attempting approx solution
warning: solve(): system is singular; attempting approx solution
warning: solve(): system is singular; attempting approx solution
warning: solve(): system is singular; attempting approx solution
warning: solve(): system is singular; attempting approx solution
warning: solve(): system is singular; attempting approx solution
warning: solve(): system is singular; attempting approx solution
warning: solve(): system is singular; attempting approx solution
warning: solve(): system is singular; attempting approx solution
warning: solve(): system is singular; attempting approx solution
warning: solve(): system is singular; attempting approx solution
warning: solve(): system is singular; attempting approx solution
warning: solve(): system is singular (rcond: 9.83748e-19); attempting approx solution
warning: solve(): system is singular (rcond: 9.83748e-19); attempting approx solution
warning: solve(): system is singular (rcond: 9.83748e-19); attempting approx solution
warning: solve(): system is singular (rcond: 9.83748e-19); attempting approx solution
warning: solve(): system is singular (rcond: 9.83748e-19); attempting approx solution
Error: processing vignette 'tbm_supplement.Rnw' failed with diagnostics:
Running 'texi2dvi' on 'tbm_supplement.tex' failed.
LaTeX errors:
! LaTeX Error: Missing \begin{document}.
See the LaTeX manual or LaTeX Companion for explanation.
Type H <return> for immediate help.
...
! Emergency stop.
...
l.170 \DeclareMathOperator{\Chi1}{\chi^2_1}
! ==> Fatal error occurred, no output PDF file produced!
--- failed re-building ‘tbm_supplement.Rnw’
SUMMARY: processing the following file failed:
‘tbm_supplement.Rnw’
Error: Vignette re-building failed.
Execution halted
Flavor: r-devel-linux-x86_64-fedora-clang
Version: 0.3-8
Check: re-building of vignette outputs
Result: WARN
Error(s) in re-building vignettes:
--- re-building ‘tbm_supplement.Rnw’ using knitr
warning: solve(): system is singular (rcond: 1.93608e-21); attempting approx solution
warning: solve(): system is singular (rcond: 1.93608e-21); attempting approx solution
warning: solve(): system is singular (rcond: 1.93608e-21); attempting approx solution
warning: solve(): system is singular (rcond: 1.93608e-21); attempting approx solution
warning: solve(): system is singular (rcond: 1.93608e-21); attempting approx solution
warning: solve(): system is singular (rcond: 1.93608e-21); attempting approx solution
warning: solve(): system is singular (rcond: 1.93608e-21); attempting approx solution
warning: solve(): system is singular (rcond: 1.93608e-21); attempting approx solution
warning: solve(): system is singular (rcond: 1.93608e-21); attempting approx solution
warning: solve(): system is singular (rcond: 1.93608e-21); attempting approx solution
warning: solve(): system is singular; attempting approx solution
warning: solve(): system is singular; attempting approx solution
warning: solve(): system is singular; attempting approx solution
warning: solve(): system is singular; attempting approx solution
warning: solve(): system is singular; attempting approx solution
warning: solve(): system is singular (rcond: 9.83748e-19); attempting approx solution
warning: solve(): system is singular (rcond: 9.83748e-19); attempting approx solution
warning: solve(): system is singular (rcond: 9.83748e-19); attempting approx solution
warning: solve(): system is singular (rcond: 9.83748e-19); attempting approx solution
warning: solve(): system is singular (rcond: 9.83748e-19); attempting approx solution
Error: processing vignette 'tbm_supplement.Rnw' failed with diagnostics:
Running 'texi2dvi' on 'tbm_supplement.tex' failed.
LaTeX errors:
! LaTeX Error: Missing \begin{document}.
See the LaTeX manual or LaTeX Companion for explanation.
Type H <return> for immediate help.
...
! Emergency stop.
...
l.170 \DeclareMathOperator{\Chi1}{\chi^2_1}
! ==> Fatal error occurred, no output PDF file produced!
--- failed re-building ‘tbm_supplement.Rnw’
SUMMARY: processing the following file failed:
‘tbm_supplement.Rnw’
Error: Vignette re-building failed.
Execution halted
Flavor: r-devel-linux-x86_64-fedora-gcc