Last updated on 2024-08-16 12:49:22 CEST.
Flavor | Version | Tinstall | Tcheck | Ttotal | Status | Flags |
---|---|---|---|---|---|---|
r-devel-linux-x86_64-debian-clang | 0.2.1 | 4.24 | 63.24 | 67.48 | NOTE | |
r-devel-linux-x86_64-debian-gcc | 0.2.1 | 2.93 | 47.07 | 50.00 | NOTE | |
r-devel-linux-x86_64-fedora-clang | 0.2.1 | 109.20 | OK | |||
r-devel-linux-x86_64-fedora-gcc | 0.2.1 | 121.18 | OK | |||
r-devel-windows-x86_64 | 0.2.1 | 6.00 | 80.00 | 86.00 | NOTE | |
r-patched-linux-x86_64 | 0.2.1 | 3.53 | 59.37 | 62.90 | OK | |
r-release-linux-x86_64 | 0.2.1 | 3.44 | 60.19 | 63.63 | OK | |
r-release-macos-arm64 | 0.2.1 | 45.00 | OK | |||
r-release-macos-x86_64 | 0.2.1 | 58.00 | OK | |||
r-release-windows-x86_64 | 0.2.1 | 5.00 | 79.00 | 84.00 | OK | |
r-oldrel-macos-arm64 | 0.2.1 | 41.00 | OK | |||
r-oldrel-macos-x86_64 | 0.2.1 | 96.00 | OK | |||
r-oldrel-windows-x86_64 | 0.2.1 | 6.00 | 87.00 | 93.00 | OK |
Version: 0.2.1
Check: Rd cross-references
Result: NOTE
Found the following Rd file(s) with Rd \link{} targets missing package
anchors:
xyplot.Arima.Rd: xyplot
Please provide package anchors for all Rd \link{} targets not in the
package itself and the base packages.
Flavors: r-devel-linux-x86_64-debian-clang, r-devel-linux-x86_64-debian-gcc, r-devel-windows-x86_64