Last updated on 2024-08-16 12:49:22 CEST.
Flavor | Version | Tinstall | Tcheck | Ttotal | Status | Flags |
---|---|---|---|---|---|---|
r-devel-linux-x86_64-debian-clang | 1.0.7 | 9.38 | 246.75 | 256.13 | OK | |
r-devel-linux-x86_64-debian-gcc | 1.0.7 | 8.10 | 162.01 | 170.11 | OK | |
r-devel-linux-x86_64-fedora-clang | 1.0.7 | 399.44 | NOTE | |||
r-devel-linux-x86_64-fedora-gcc | 1.0.7 | 366.78 | OK | |||
r-devel-windows-x86_64 | 1.0.7 | 13.00 | 272.00 | 285.00 | NOTE | |
r-patched-linux-x86_64 | 1.0.7 | 11.61 | 244.85 | 256.46 | OK | |
r-release-linux-x86_64 | 1.0.7 | 10.70 | 243.14 | 253.84 | OK | |
r-release-macos-arm64 | 1.0.7 | 131.00 | NOTE | |||
r-release-macos-x86_64 | 1.0.7 | 263.00 | NOTE | |||
r-release-windows-x86_64 | 1.0.7 | 14.00 | 281.00 | 295.00 | NOTE | |
r-oldrel-macos-arm64 | 1.0.7 | 134.00 | NOTE | |||
r-oldrel-macos-x86_64 | 1.0.7 | 349.00 | NOTE | |||
r-oldrel-windows-x86_64 | 1.0.7 | 16.00 | 310.00 | 326.00 | NOTE |
Version: 1.0.7
Check: installed package size
Result: NOTE
installed size is 5.3Mb
sub-directories of 1Mb or more:
R 1.3Mb
extdata 3.1Mb
Flavors: r-devel-linux-x86_64-fedora-clang, r-devel-windows-x86_64, r-release-macos-arm64, r-release-macos-x86_64, r-release-windows-x86_64, r-oldrel-macos-arm64, r-oldrel-macos-x86_64, r-oldrel-windows-x86_64