Last updated on 2024-08-16 12:49:22 CEST.
Flavor | Version | Tinstall | Tcheck | Ttotal | Status | Flags |
---|---|---|---|---|---|---|
r-devel-linux-x86_64-debian-clang | 1.1-30 | 9.97 | 158.32 | 168.29 | OK | |
r-devel-linux-x86_64-debian-gcc | 1.1-30 | 6.67 | 110.54 | 117.21 | OK | |
r-devel-linux-x86_64-fedora-clang | 1.1-30 | 270.44 | OK | |||
r-devel-linux-x86_64-fedora-gcc | 1.1-30 | 279.87 | OK | |||
r-devel-windows-x86_64 | 1.1-30 | 13.00 | 189.00 | 202.00 | OK | |
r-patched-linux-x86_64 | 1.1-30 | 10.27 | 148.28 | 158.55 | OK | |
r-release-linux-x86_64 | 1.1-30 | 8.38 | 148.21 | 156.59 | OK | |
r-release-macos-arm64 | 1.1-30 | 84.00 | OK | |||
r-release-macos-x86_64 | 1.1-30 | 122.00 | WARN | |||
r-release-windows-x86_64 | 1.1-30 | 11.00 | 194.00 | 205.00 | OK | |
r-oldrel-macos-arm64 | 1.1-30 | 90.00 | OK | |||
r-oldrel-macos-x86_64 | 1.1-30 | 145.00 | OK | |||
r-oldrel-windows-x86_64 | 1.1-30 | 16.00 | 223.00 | 239.00 | OK |
Version: 1.1-30
Check: re-building of vignette outputs
Result: WARN
Error(s) in re-building vignettes:
...
--- re-building ‘systemfit.Rnw’ using knitr
Error: processing vignette 'systemfit.Rnw' failed with diagnostics:
Running 'texi2dvi' on 'systemfit.tex' failed.
LaTeX errors:
! Undefined control sequence.
l.1496 \hldef
{sigmaInv} \hlkwb{<-} \hlkwd{solve}\hldef{( residCov )}
?
! Emergency stop.
! Emergency stop.
l.1496
End of file on the terminal!
! ==> Fatal error occurred, no output PDF file produced!
--- failed re-building ‘systemfit.Rnw’
SUMMARY: processing the following file failed:
‘systemfit.Rnw’
Error: Vignette re-building failed.
Execution halted
Flavor: r-release-macos-x86_64