Last updated on 2025-04-29 01:49:49 CEST.
Flavor | Version | Tinstall | Tcheck | Ttotal | Status | Flags |
---|---|---|---|---|---|---|
r-devel-linux-x86_64-debian-clang | 1.1-30 | 10.05 | 161.71 | 171.76 | OK | |
r-devel-linux-x86_64-debian-gcc | 1.1-30 | 7.29 | 110.31 | 117.60 | NOTE | |
r-devel-linux-x86_64-fedora-clang | 1.1-30 | 293.26 | OK | |||
r-devel-linux-x86_64-fedora-gcc | 1.1-30 | 271.08 | OK | |||
r-devel-windows-x86_64 | 1.1-30 | 12.00 | 190.00 | 202.00 | OK | |
r-patched-linux-x86_64 | 1.1-30 | 11.17 | 153.88 | 165.05 | OK | |
r-release-linux-x86_64 | 1.1-30 | 8.74 | 154.08 | 162.82 | OK | |
r-release-macos-arm64 | 1.1-30 | 84.00 | OK | |||
r-release-macos-x86_64 | 1.1-30 | 166.00 | OK | |||
r-release-windows-x86_64 | 1.1-30 | 11.00 | 190.00 | 201.00 | OK | |
r-oldrel-macos-arm64 | 1.1-30 | 84.00 | OK | |||
r-oldrel-macos-x86_64 | 1.1-30 | 183.00 | OK | |||
r-oldrel-windows-x86_64 | 1.1-30 | 15.00 | 239.00 | 254.00 | OK |
Version: 1.1-30
Check: CRAN incoming feasibility
Result: NOTE
Maintainer: ‘Arne Henningsen <arne.henningsen@gmail.com>’
No Authors@R field in DESCRIPTION.
Please add one, modifying
Authors@R: c(person(given = "Arne",
family = "Henningsen",
role = c("aut", "cre"),
email = "arne.henningsen@gmail.com"),
person(given = c("Jeff", "D."),
family = "Hamann",
role = "aut"))
as necessary.
Flavor: r-devel-linux-x86_64-debian-gcc