CRAN Package Check Results for Package symmoments

Last updated on 2025-07-21 01:49:17 CEST.

Flavor Version Tinstall Tcheck Ttotal Status Flags
r-devel-linux-x86_64-debian-clang 1.2.1 3.98 43.86 47.84 NOTE
r-devel-linux-x86_64-debian-gcc 1.2.1 2.67 32.64 35.31 NOTE
r-devel-linux-x86_64-fedora-clang 1.2.1 75.59 OK
r-devel-linux-x86_64-fedora-gcc 1.2.1 83.76 OK
r-devel-windows-x86_64 1.2.1 5.00 79.00 84.00 OK
r-patched-linux-x86_64 1.2.1 4.58 41.79 46.37 OK
r-release-linux-x86_64 1.2.1 3.88 41.73 45.61 OK
r-release-macos-arm64 1.2.1 43.00 OK
r-release-macos-x86_64 1.2.1 64.00 OK
r-release-windows-x86_64 1.2.1 5.00 79.00 84.00 OK
r-oldrel-macos-arm64 1.2.1 32.00 OK
r-oldrel-macos-x86_64 1.2.1 50.00 OK
r-oldrel-windows-x86_64 1.2.1 7.00 86.00 93.00 OK

Check Details

Version: 1.2.1
Check: CRAN incoming feasibility
Result: NOTE Maintainer: ‘Kem Phillips <kemphillips@comcast.net>’ No Authors@R field in DESCRIPTION. Please add one, modifying Authors@R: person(given = "Kem", family = "Phillips", role = c("aut", "cre"), email = "kemphillips@comcast.net") as necessary. Flavors: r-devel-linux-x86_64-debian-clang, r-devel-linux-x86_64-debian-gcc