Last updated on 2025-07-20 01:49:42 CEST.
Flavor | Version | Tinstall | Tcheck | Ttotal | Status | Flags |
---|---|---|---|---|---|---|
r-devel-linux-x86_64-debian-clang | 1.0.0 | 3.01 | 182.37 | 185.38 | OK | |
r-devel-linux-x86_64-debian-gcc | 1.0.0 | 2.27 | 105.27 | 107.54 | OK | |
r-devel-linux-x86_64-fedora-clang | 1.0.0 | 286.73 | OK | |||
r-devel-linux-x86_64-fedora-gcc | 1.0.0 | 282.02 | OK | |||
r-devel-windows-x86_64 | 1.0.0 | 6.00 | 172.00 | 178.00 | OK | |
r-patched-linux-x86_64 | 1.0.0 | 3.63 | 170.08 | 173.71 | OK | |
r-release-linux-x86_64 | 1.0.0 | 2.94 | 170.17 | 173.11 | OK | |
r-release-macos-arm64 | 1.0.0 | 72.00 | OK | |||
r-release-macos-x86_64 | 1.0.0 | 158.00 | OK | |||
r-release-windows-x86_64 | 1.0.0 | 5.00 | 168.00 | 173.00 | OK | |
r-oldrel-macos-arm64 | 1.0.0 | 61.00 | NOTE | |||
r-oldrel-macos-x86_64 | 1.0.0 | 127.00 | NOTE | |||
r-oldrel-windows-x86_64 | 1.0.0 | 5.00 | 240.00 | 245.00 | NOTE |
Version: 1.0.0
Check: LazyData
Result: NOTE
'LazyData' is specified without a 'data' directory
Flavors: r-oldrel-macos-arm64, r-oldrel-macos-x86_64, r-oldrel-windows-x86_64