CRAN Package Check Results for Package svHttp

Last updated on 2025-04-29 01:49:49 CEST.

Flavor Version Tinstall Tcheck Ttotal Status Flags
r-devel-linux-x86_64-debian-clang 1.0.4 2.76 29.56 32.32 OK
r-devel-linux-x86_64-debian-gcc 1.0.4 2.14 24.27 26.41 NOTE
r-devel-linux-x86_64-fedora-clang 1.0.4 54.02 OK
r-devel-linux-x86_64-fedora-gcc 1.0.4 64.73 OK
r-devel-windows-x86_64 1.0.4 3.00 51.00 54.00 OK
r-patched-linux-x86_64 1.0.4 2.55 28.55 31.10 OK
r-release-linux-x86_64 1.0.4 3.09 28.58 31.67 OK
r-release-macos-arm64 1.0.4 33.00 OK
r-release-macos-x86_64 1.0.4 47.00 OK
r-release-windows-x86_64 1.0.4 3.00 54.00 57.00 OK
r-oldrel-macos-arm64 1.0.4 24.00 OK
r-oldrel-macos-x86_64 1.0.4 36.00 OK
r-oldrel-windows-x86_64 1.0.4 6.00 57.00 63.00 OK

Check Details

Version: 1.0.4
Check: CRAN incoming feasibility
Result: NOTE Maintainer: ‘Philippe Grosjean <phgrosjean@sciviews.org>’ Package CITATION file contains call(s) to old-style personList() or as.personList(). Please use c() on person objects instead. Package CITATION file contains call(s) to old-style citEntry(). Please use bibentry() instead. Flavor: r-devel-linux-x86_64-debian-gcc