CRAN Package Check Results for Package survivoR

Last updated on 2025-04-29 01:49:49 CEST.

Flavor Version Tinstall Tcheck Ttotal Status Flags
r-devel-linux-x86_64-debian-clang 2.3.5 10.00 89.03 99.03 NOTE
r-devel-linux-x86_64-debian-gcc 2.3.5 7.53 66.71 74.24 NOTE
r-devel-linux-x86_64-fedora-clang 2.3.5 157.67 NOTE
r-devel-linux-x86_64-fedora-gcc 2.3.5 143.46 NOTE
r-devel-windows-x86_64 2.3.5 14.00 109.00 123.00 NOTE
r-patched-linux-x86_64 2.3.5 11.75 87.02 98.77 NOTE
r-release-linux-x86_64 2.3.5 9.74 88.16 97.90 NOTE
r-release-macos-arm64 2.3.5 43.00 NOTE
r-release-macos-x86_64 2.3.5 82.00 NOTE
r-release-windows-x86_64 2.3.5 16.00 114.00 130.00 NOTE
r-oldrel-macos-arm64 2.3.5 49.00 OK
r-oldrel-macos-x86_64 2.3.5 80.00 OK
r-oldrel-windows-x86_64 2.3.5 18.00 141.00 159.00 OK

Check Details

Version: 2.3.5
Check: DESCRIPTION meta-information
Result: NOTE Missing dependency on R >= 4.1.0 because package code uses the pipe |> or function shorthand \(...) syntax added in R 4.1.0. File(s) using such syntax: ‘add.R’ ‘add_alive.Rd’ ‘add_bipoc.Rd’ ‘add_castaway.Rd’ ‘add_demogs.Rd’ ‘add_finalist.Rd’ ‘add_full_name.Rd’ ‘add_gender.Rd’ ‘add_jury.Rd’ ‘add_lgbt.Rd’ ‘add_result.Rd’ ‘add_tribe.Rd’ ‘add_tribe_colour.Rd’ ‘add_winner.Rd’ ‘castaway_details.Rd’ ‘filter_alive.Rd’ ‘filter_final_n.Rd’ ‘filter_finalist.Rd’ ‘filter_jury.Rd’ ‘filter_new_era.Rd’ ‘filter_us.Rd’ ‘filter_vs.Rd’ ‘filter_winner.Rd’ ‘filters.R’ ‘get.R’ ‘helpers.R’ Flavors: r-devel-linux-x86_64-debian-clang, r-devel-linux-x86_64-debian-gcc, r-devel-linux-x86_64-fedora-clang, r-devel-linux-x86_64-fedora-gcc, r-devel-windows-x86_64, r-patched-linux-x86_64, r-release-linux-x86_64, r-release-macos-arm64, r-release-windows-x86_64

Version: 2.3.5
Check: examples
Result: NOTE Examples with CPU (user + system) or elapsed time > 5s user system elapsed tribe_colours 3.687 0.049 5.365 Flavor: r-devel-linux-x86_64-debian-gcc

Version: 2.3.5
Check: DESCRIPTION meta-information
Result: NOTE Missing dependency on R >= 4.1.0 because package code uses the pipe |> or function shorthand \(...) syntax added in R 4.1.0. File(s) using such syntax: ‘add.R’ ‘filters.R’ ‘get.R’ ‘helpers.R’ Flavor: r-release-macos-x86_64