Last updated on 2024-06-30 00:59:28 CEST.
Flavor | Version | Tinstall | Tcheck | Ttotal | Status | Flags |
---|---|---|---|---|---|---|
r-devel-linux-x86_64-debian-clang | 2.3.3 | 14.28 | 96.19 | 110.47 | OK | |
r-devel-linux-x86_64-debian-gcc | 2.3.3 | 9.52 | 70.06 | 79.58 | OK | |
r-devel-linux-x86_64-fedora-clang | 2.3.4 | 150.81 | NOTE | |||
r-devel-linux-x86_64-fedora-gcc | 2.3.3 | 125.15 | NOTE | |||
r-devel-windows-x86_64 | 2.3.3 | 13.00 | 89.00 | 102.00 | OK | |
r-patched-linux-x86_64 | 2.3.3 | 12.20 | 89.04 | 101.24 | OK | |
r-release-linux-x86_64 | 2.3.3 | 8.52 | 90.58 | 99.10 | OK | |
r-release-macos-arm64 | 2.3.4 | 46.00 | OK | |||
r-release-macos-x86_64 | 2.3.4 | 120.00 | OK | |||
r-release-windows-x86_64 | 2.3.3 | 12.00 | 91.00 | 103.00 | OK | |
r-oldrel-macos-arm64 | 2.3.4 | 48.00 | OK | |||
r-oldrel-macos-x86_64 | 2.3.4 | 87.00 | OK | |||
r-oldrel-windows-x86_64 | 2.3.3 | 16.00 | 108.00 | 124.00 | OK |
Version: 2.3.4
Check: data for non-ASCII characters
Result: NOTE
Note: found 607 marked UTF-8 strings
Flavor: r-devel-linux-x86_64-fedora-clang
Version: 2.3.3
Check: data for non-ASCII characters
Result: NOTE
Note: found 607 marked UTF-8 strings
Flavor: r-devel-linux-x86_64-fedora-gcc