Last updated on 2025-04-29 01:49:49 CEST.
Flavor | Version | Tinstall | Tcheck | Ttotal | Status | Flags |
---|---|---|---|---|---|---|
r-devel-linux-x86_64-debian-clang | 0.1.6 | 4.00 | 136.05 | 140.05 | OK | |
r-devel-linux-x86_64-debian-gcc | 0.1.6 | 3.03 | 95.39 | 98.42 | NOTE | |
r-devel-linux-x86_64-fedora-clang | 0.1.6 | 222.06 | OK | |||
r-devel-linux-x86_64-fedora-gcc | 0.1.6 | 217.93 | OK | |||
r-devel-windows-x86_64 | 0.1.6 | 5.00 | 130.00 | 135.00 | OK | |
r-patched-linux-x86_64 | 0.1.6 | 3.15 | 129.16 | 132.31 | OK | |
r-release-linux-x86_64 | 0.1.6 | 3.62 | 129.66 | 133.28 | OK | |
r-release-macos-arm64 | 0.1.6 | 61.00 | OK | |||
r-release-macos-x86_64 | 0.1.6 | 140.00 | OK | |||
r-release-windows-x86_64 | 0.1.6 | 6.00 | 126.00 | 132.00 | OK | |
r-oldrel-macos-arm64 | 0.1.6 | 62.00 | OK | |||
r-oldrel-macos-x86_64 | 0.1.6 | 111.00 | OK | |||
r-oldrel-windows-x86_64 | 0.1.6 | 6.00 | 178.00 | 184.00 | OK |
Version: 0.1.6
Check: CRAN incoming feasibility
Result: NOTE
Maintainer: ‘Kenta Yoshida <yoshida.kenta.6@gmail.com>’
Package has help file(s) containing later-stage \Sexpr{} expressions
but no 'build/stage23.rdb' file.
Flavor: r-devel-linux-x86_64-debian-gcc