CRAN Package Check Results for Package support.CEs

Last updated on 2025-07-20 01:49:42 CEST.

Flavor Version Tinstall Tcheck Ttotal Status Flags
r-devel-linux-x86_64-debian-clang 0.7-0 3.31 39.78 43.09 NOTE
r-devel-linux-x86_64-debian-gcc 0.7-0 2.74 29.87 32.61 NOTE
r-devel-linux-x86_64-fedora-clang 0.7-0 66.67 OK
r-devel-linux-x86_64-fedora-gcc 0.7-0 61.43 OK
r-devel-windows-x86_64 0.7-0 5.00 61.00 66.00 OK
r-patched-linux-x86_64 0.7-0 4.28 37.05 41.33 OK
r-release-linux-x86_64 0.7-0 3.42 37.54 40.96 OK
r-release-macos-arm64 0.7-0 27.00 OK
r-release-macos-x86_64 0.7-0 44.00 OK
r-release-windows-x86_64 0.7-0 5.00 62.00 67.00 OK
r-oldrel-macos-arm64 0.7-0 23.00 OK
r-oldrel-macos-x86_64 0.7-0 37.00 OK
r-oldrel-windows-x86_64 0.7-0 7.00 67.00 74.00 OK

Check Details

Version: 0.7-0
Check: CRAN incoming feasibility
Result: NOTE Maintainer: ‘Hideo Aizaki <azk-r@spa.nifty.com>’ No Authors@R field in DESCRIPTION. Please add one, modifying Authors@R: person(given = "Hideo", family = "Aizaki", role = c("aut", "cre"), email = "azk-r@spa.nifty.com") as necessary. Flavors: r-devel-linux-x86_64-debian-clang, r-devel-linux-x86_64-debian-gcc