Last updated on 2025-04-29 01:49:49 CEST.
Flavor | Version | Tinstall | Tcheck | Ttotal | Status | Flags |
---|---|---|---|---|---|---|
r-devel-linux-x86_64-debian-clang | 1.0.0 | 19.06 | 51.93 | 70.99 | OK | |
r-devel-linux-x86_64-debian-gcc | 1.0.0 | 12.77 | 37.20 | 49.97 | NOTE | |
r-devel-linux-x86_64-fedora-clang | 1.0.0 | 132.89 | OK | |||
r-devel-linux-x86_64-fedora-gcc | 1.0.0 | 115.18 | OK | |||
r-devel-windows-x86_64 | 1.0.0 | 25.00 | 149.00 | 174.00 | OK | |
r-patched-linux-x86_64 | 1.0.0 | 16.69 | 49.29 | 65.98 | OK | |
r-release-linux-x86_64 | 1.0.0 | 17.90 | 50.46 | 68.36 | OK | |
r-release-macos-arm64 | 1.0.0 | 55.00 | OK | |||
r-release-macos-x86_64 | 1.0.0 | 75.00 | OK | |||
r-release-windows-x86_64 | 1.0.0 | 25.00 | 78.00 | 103.00 | OK | |
r-oldrel-macos-arm64 | 1.0.0 | 37.00 | OK | |||
r-oldrel-macos-x86_64 | 1.0.0 | 51.00 | OK | |||
r-oldrel-windows-x86_64 | 1.0.0 | 29.00 | 92.00 | 121.00 | OK |
Version: 1.0.0
Check: examples
Result: NOTE
Examples with CPU (user + system) or elapsed time > 5s
user system elapsed
supercells 5.063 0.113 8.212
Flavor: r-devel-linux-x86_64-debian-gcc