Last updated on 2024-08-16 12:49:22 CEST.
Flavor | Version | Tinstall | Tcheck | Ttotal | Status | Flags |
---|---|---|---|---|---|---|
r-devel-linux-x86_64-debian-clang | 1.0.0 | 19.69 | 48.98 | 68.67 | NOTE | |
r-devel-linux-x86_64-debian-gcc | 1.0.0 | 12.55 | 32.51 | 45.06 | NOTE | |
r-devel-linux-x86_64-fedora-clang | 1.0.0 | 122.78 | NOTE | |||
r-devel-linux-x86_64-fedora-gcc | 1.0.0 | 116.92 | NOTE | |||
r-devel-windows-x86_64 | 1.0.0 | 26.00 | 71.00 | 97.00 | NOTE | |
r-patched-linux-x86_64 | 1.0.0 | 17.51 | 45.35 | 62.86 | OK | |
r-release-linux-x86_64 | 1.0.0 | 17.90 | 45.47 | 63.37 | OK | |
r-release-macos-arm64 | 1.0.0 | 37.00 | OK | |||
r-release-macos-x86_64 | 1.0.0 | 51.00 | OK | |||
r-release-windows-x86_64 | 1.0.0 | 27.00 | 71.00 | 98.00 | OK | |
r-oldrel-macos-arm64 | 1.0.0 | 42.00 | OK | |||
r-oldrel-macos-x86_64 | 1.0.0 | 87.00 | OK | |||
r-oldrel-windows-x86_64 | 1.0.0 | 29.00 | 100.00 | 129.00 | OK |
Version: 1.0.0
Check: compiled code
Result: NOTE
File ‘supercells/libs/supercells.so’:
Found non-API calls to R: ‘SETLENGTH’, ‘SET_GROWABLE_BIT’,
‘SET_TRUELENGTH’
Compiled code should not call non-API entry points in R.
See ‘Writing portable packages’ in the ‘Writing R Extensions’ manual,
and section ‘Moving into C API compliance’ for issues with the use of
non-API entry points.
Flavors: r-devel-linux-x86_64-debian-clang, r-devel-linux-x86_64-debian-gcc, r-devel-linux-x86_64-fedora-clang, r-devel-linux-x86_64-fedora-gcc
Version: 1.0.0
Check: compiled code
Result: NOTE
File 'supercells/libs/x64/supercells.dll':
Found non-API calls to R: 'SETLENGTH', 'SET_GROWABLE_BIT',
'SET_TRUELENGTH'
Compiled code should not call non-API entry points in R.
See 'Writing portable packages' in the 'Writing R Extensions' manual,
and section 'Moving into C API compliance' for issues with the use of
non-API entry points.
Flavor: r-devel-windows-x86_64