Last updated on 2024-07-13 12:48:29 CEST.
Flavor | Version | Tinstall | Tcheck | Ttotal | Status | Flags |
---|---|---|---|---|---|---|
r-devel-linux-x86_64-debian-clang | 0.2.1 | 478.96 | 38.60 | 517.56 | OK | |
r-devel-linux-x86_64-debian-gcc | 0.2.1 | 313.75 | 28.46 | 342.21 | OK | |
r-devel-linux-x86_64-fedora-clang | 0.2.1 | 795.67 | OK | |||
r-devel-linux-x86_64-fedora-gcc | 0.2.1 | 811.09 | OK | |||
r-devel-windows-x86_64 | 0.2.1 | 348.00 | 81.00 | 429.00 | OK | |
r-patched-linux-x86_64 | 0.2.1 | 382.82 | 36.21 | 419.03 | OK | |
r-release-linux-x86_64 | 0.2.1 | 396.59 | 36.65 | 433.24 | OK | |
r-release-macos-arm64 | 0.2.1 | 117.00 | NOTE | |||
r-release-macos-x86_64 | 0.2.1 | 101.00 | NOTE | |||
r-release-windows-x86_64 | 0.2.1 | 356.00 | 74.00 | 430.00 | OK | |
r-oldrel-macos-arm64 | 0.2.1 | 125.00 | NOTE | |||
r-oldrel-macos-x86_64 | 0.2.1 | 104.00 | NOTE | |||
r-oldrel-windows-x86_64 | 0.2.1 | 428.00 | 87.00 | 515.00 | OK |
Version: 0.2.1
Check: installed package size
Result: NOTE
installed size is 10.4Mb
sub-directories of 1Mb or more:
libs 10.2Mb
Flavors: r-release-macos-arm64, r-release-macos-x86_64, r-oldrel-macos-arm64, r-oldrel-macos-x86_64