Last updated on 2025-07-21 01:49:17 CEST.
Flavor | Version | Tinstall | Tcheck | Ttotal | Status | Flags |
---|---|---|---|---|---|---|
r-devel-linux-x86_64-debian-clang | 1.3.7 | 38.35 | 228.85 | 267.20 | NOTE | |
r-devel-linux-x86_64-debian-gcc | 1.3.7 | 23.07 | 151.58 | 174.65 | NOTE | |
r-devel-linux-x86_64-fedora-clang | 1.3.7 | 423.98 | OK | |||
r-devel-linux-x86_64-fedora-gcc | 1.3.7 | 430.66 | OK | |||
r-devel-windows-x86_64 | 1.3.7 | 41.00 | 282.00 | 323.00 | NOTE | |
r-patched-linux-x86_64 | 1.3.7 | 37.25 | 215.90 | 253.15 | NOTE | |
r-release-linux-x86_64 | 1.3.7 | 35.09 | 215.29 | 250.38 | NOTE | |
r-release-macos-arm64 | 1.3.7 | 140.00 | OK | |||
r-release-macos-x86_64 | 1.3.7 | 285.00 | OK | |||
r-release-windows-x86_64 | 1.3.7 | 43.00 | 284.00 | 327.00 | NOTE | |
r-oldrel-macos-arm64 | 1.3.7 | 124.00 | NOTE | |||
r-oldrel-macos-x86_64 | 1.3.7 | 196.00 | NOTE | |||
r-oldrel-windows-x86_64 | 1.3.7 | 50.00 | 360.00 | 410.00 | OK |
Version: 1.3.7
Check: Rd cross-references
Result: NOTE
Found the following Rd file(s) with Rd \link{} targets missing package
anchors:
labelTopics.Rd: lda
topicLasso.Rd: glmnet, cv.glmnet
Please provide package anchors for all Rd \link{} targets not in the
package itself and the base packages.
Flavors: r-devel-linux-x86_64-debian-clang, r-devel-linux-x86_64-debian-gcc, r-devel-windows-x86_64, r-patched-linux-x86_64, r-release-linux-x86_64, r-release-windows-x86_64
Version: 1.3.7
Check: installed package size
Result: NOTE
installed size is 5.3Mb
sub-directories of 1Mb or more:
data 1.7Mb
libs 2.4Mb
Flavors: r-oldrel-macos-arm64, r-oldrel-macos-x86_64