CRAN Package Check Results for Package stdReg

Last updated on 2025-04-29 01:49:49 CEST.

Flavor Version Tinstall Tcheck Ttotal Status Flags
r-devel-linux-x86_64-debian-clang 3.4.1 9.72 68.31 78.03 NOTE
r-devel-linux-x86_64-debian-gcc 3.4.1 6.62 50.42 57.04 NOTE
r-devel-linux-x86_64-fedora-clang 3.4.1 124.63 NOTE
r-devel-linux-x86_64-fedora-gcc 3.4.1 116.23 NOTE
r-devel-windows-x86_64 3.4.1 10.00 81.00 91.00 NOTE
r-patched-linux-x86_64 3.4.1 9.35 65.16 74.51 NOTE
r-release-linux-x86_64 3.4.1 8.02 64.77 72.79 NOTE
r-release-macos-arm64 3.4.1 50.00 NOTE
r-release-macos-x86_64 3.4.1 87.00 NOTE
r-release-windows-x86_64 3.4.1 11.00 85.00 96.00 NOTE
r-oldrel-macos-arm64 3.4.1 38.00 NOTE
r-oldrel-macos-x86_64 3.4.1 53.00 NOTE
r-oldrel-windows-x86_64 3.4.1 13.00 99.00 112.00 NOTE

Check Details

Version: 3.4.1
Check: Rd files
Result: NOTE checkRd: (-1) stdGlm.Rd:93: Escaped LaTeX specials: \& Flavors: r-devel-linux-x86_64-debian-clang, r-devel-linux-x86_64-debian-gcc, r-devel-linux-x86_64-fedora-clang, r-devel-linux-x86_64-fedora-gcc, r-devel-windows-x86_64, r-patched-linux-x86_64, r-release-linux-x86_64, r-release-macos-arm64, r-release-macos-x86_64, r-release-windows-x86_64, r-oldrel-macos-arm64, r-oldrel-macos-x86_64, r-oldrel-windows-x86_64

Version: 3.4.1
Check: CRAN incoming feasibility
Result: NOTE Maintainer: ‘Arvid Sjolander <arvid.sjolander@ki.se>’ No Authors@R field in DESCRIPTION. Please add one, modifying Authors@R: c(person(given = "Arvid", family = "Sjolander", role = c("aut", "cre"), email = "arvid.sjolander@ki.se"), person(given = "Elisabeth", family = "Dahlqwist", role = "aut")) as necessary. Flavor: r-devel-linux-x86_64-debian-gcc