Last updated on 2025-04-29 01:49:49 CEST.
Flavor | Version | Tinstall | Tcheck | Ttotal | Status | Flags |
---|---|---|---|---|---|---|
r-devel-linux-x86_64-debian-clang | 1.0.1 | 4.49 | 159.59 | 164.08 | OK | |
r-devel-linux-x86_64-debian-gcc | 1.0.1 | 3.65 | 112.83 | 116.48 | NOTE | |
r-devel-linux-x86_64-fedora-clang | 1.0.1 | 273.93 | OK | |||
r-devel-linux-x86_64-fedora-gcc | 1.0.1 | 295.45 | OK | |||
r-devel-windows-x86_64 | 1.0.1 | 8.00 | 232.00 | 240.00 | OK | |
r-patched-linux-x86_64 | 1.0.1 | 5.81 | 155.89 | 161.70 | OK | |
r-release-linux-x86_64 | 1.0.1 | 4.26 | 154.86 | 159.12 | OK | |
r-release-macos-arm64 | 1.0.1 | 144.00 | OK | |||
r-release-macos-x86_64 | 1.0.1 | 224.00 | OK | |||
r-release-windows-x86_64 | 1.0.1 | 6.00 | 237.00 | 243.00 | OK | |
r-oldrel-macos-arm64 | 1.0.1 | 88.00 | OK | |||
r-oldrel-macos-x86_64 | 1.0.1 | 163.00 | OK | |||
r-oldrel-windows-x86_64 | 1.0.1 | 9.00 | 284.00 | 293.00 | OK |
Version: 1.0.1
Check: examples
Result: NOTE
Examples with CPU (user + system) or elapsed time > 5s
user system elapsed
RandHIE 3.340 0.250 5.110
Mroz87 3.145 0.034 5.063
Flavor: r-devel-linux-x86_64-debian-gcc