Last updated on 2024-06-30 00:59:27 CEST.
Flavor | Version | Tinstall | Tcheck | Ttotal | Status | Flags |
---|---|---|---|---|---|---|
r-devel-linux-x86_64-debian-clang | 1.0.6 | 129.98 | 396.25 | 526.23 | OK | |
r-devel-linux-x86_64-debian-gcc | 1.0.6 | 108.64 | 283.76 | 392.40 | OK | |
r-devel-linux-x86_64-fedora-clang | 1.0.6 | 679.56 | OK | |||
r-devel-linux-x86_64-fedora-gcc | 1.0.6 | 720.74 | OK | |||
r-devel-windows-x86_64 | 1.0.6 | 111.00 | 424.00 | 535.00 | NOTE | |
r-patched-linux-x86_64 | 1.0.6 | 125.30 | 376.92 | 502.22 | OK | |
r-release-linux-x86_64 | 1.0.6 | 102.45 | 369.86 | 472.31 | OK | |
r-release-macos-arm64 | 1.0.6 | 234.00 | NOTE | |||
r-release-macos-x86_64 | 1.0.6 | 540.00 | NOTE | |||
r-release-windows-x86_64 | 1.0.6 | 110.00 | 427.00 | 537.00 | NOTE | |
r-oldrel-macos-arm64 | 1.0.6 | 341.00 | NOTE | |||
r-oldrel-macos-x86_64 | 1.0.6 | 488.00 | NOTE | |||
r-oldrel-windows-x86_64 | 1.0.6 | 137.00 | 581.00 | 718.00 | NOTE |
Version: 1.0.6
Check: installed package size
Result: NOTE
installed size is 16.2Mb
sub-directories of 1Mb or more:
doc 1.2Mb
help 1.0Mb
libs 13.6Mb
Flavors: r-devel-windows-x86_64, r-release-macos-arm64, r-release-macos-x86_64, r-release-windows-x86_64, r-oldrel-macos-arm64, r-oldrel-macos-x86_64, r-oldrel-windows-x86_64