Last updated on 2024-07-13 12:48:29 CEST.
Flavor | Version | Tinstall | Tcheck | Ttotal | Status | Flags |
---|---|---|---|---|---|---|
r-devel-linux-x86_64-debian-clang | 0.9.0 | 38.14 | 84.63 | 122.77 | NOTE | |
r-devel-linux-x86_64-debian-gcc | 0.9.0 | 25.28 | 63.67 | 88.95 | NOTE | |
r-devel-linux-x86_64-fedora-clang | 0.9.0 | 159.58 | NOTE | |||
r-devel-linux-x86_64-fedora-gcc | 0.9.0 | 179.89 | NOTE | |||
r-devel-windows-x86_64 | 0.9.0 | 30.00 | 97.00 | 127.00 | NOTE | |
r-patched-linux-x86_64 | 0.9.0 | 30.42 | 81.19 | 111.61 | NOTE | |
r-release-linux-x86_64 | 0.9.0 | 28.35 | 80.75 | 109.10 | NOTE | |
r-release-macos-arm64 | 0.9.0 | 49.00 | NOTE | |||
r-release-macos-x86_64 | 0.9.0 | 73.00 | NOTE | |||
r-release-windows-x86_64 | 0.9.0 | 30.00 | 94.00 | 124.00 | NOTE | |
r-oldrel-macos-arm64 | 0.9.0 | 53.00 | NOTE | |||
r-oldrel-macos-x86_64 | 0.9.0 | 87.00 | NOTE | |||
r-oldrel-windows-x86_64 | 0.9.0 | 38.00 | 117.00 | 155.00 | NOTE |
Version: 0.9.0
Check: C++ specification
Result: NOTE
Specified C++11: please drop specification unless essential
Flavors: r-devel-linux-x86_64-debian-clang, r-devel-linux-x86_64-debian-gcc, r-devel-linux-x86_64-fedora-clang, r-devel-linux-x86_64-fedora-gcc, r-devel-windows-x86_64, r-patched-linux-x86_64, r-release-linux-x86_64, r-release-macos-arm64, r-release-macos-x86_64, r-release-windows-x86_64, r-oldrel-macos-arm64, r-oldrel-macos-x86_64, r-oldrel-windows-x86_64