Last updated on 2024-07-13 12:48:29 CEST.
Flavor | Version | Tinstall | Tcheck | Ttotal | Status | Flags |
---|---|---|---|---|---|---|
r-devel-linux-x86_64-debian-clang | 0.1.4 | 4.51 | 94.96 | 99.47 | OK | |
r-devel-linux-x86_64-debian-gcc | 0.1.4 | 3.08 | 69.70 | 72.78 | OK | |
r-devel-linux-x86_64-fedora-clang | 0.1.4 | 123.60 | NOTE | |||
r-devel-linux-x86_64-fedora-gcc | 0.1.4 | 138.68 | NOTE | |||
r-devel-windows-x86_64 | 0.1.4 | 6.00 | 92.00 | 98.00 | OK | |
r-patched-linux-x86_64 | 0.1.4 | 4.42 | 89.85 | 94.27 | OK | |
r-release-linux-x86_64 | 0.1.4 | 2.75 | 91.60 | 94.35 | OK | |
r-release-macos-arm64 | 0.1.4 | 40.00 | OK | |||
r-release-macos-x86_64 | 0.1.4 | 66.00 | OK | |||
r-release-windows-x86_64 | 0.1.4 | 6.00 | 93.00 | 99.00 | OK | |
r-oldrel-macos-arm64 | 0.1.4 | 43.00 | OK | |||
r-oldrel-macos-x86_64 | 0.1.4 | 90.00 | OK | |||
r-oldrel-windows-x86_64 | 0.1.4 | 7.00 | 115.00 | 122.00 | OK |
Version: 0.1.4
Check: dependencies in R code
Result: NOTE
Namespace in Imports field not imported from: ‘utils’
All declared Imports should be used.
Flavors: r-devel-linux-x86_64-fedora-clang, r-devel-linux-x86_64-fedora-gcc