Last updated on 2024-08-16 12:49:21 CEST.
Flavor | Version | Tinstall | Tcheck | Ttotal | Status | Flags |
---|---|---|---|---|---|---|
r-devel-linux-x86_64-debian-clang | 1.2.0 | 88.66 | 46.17 | 134.83 | OK | |
r-devel-linux-x86_64-debian-gcc | 1.2.0 | 69.64 | 38.52 | 108.16 | OK | |
r-devel-linux-x86_64-fedora-clang | 1.2.0 | 251.87 | OK | |||
r-devel-linux-x86_64-fedora-gcc | 1.2.0 | 276.55 | OK | |||
r-devel-windows-x86_64 | 1.2.0 | 112.00 | 77.00 | 189.00 | OK | |
r-patched-linux-x86_64 | 1.2.0 | 95.21 | 44.80 | 140.01 | OK | |
r-release-linux-x86_64 | 1.2.0 | 96.17 | 45.15 | 141.32 | OK | |
r-release-macos-arm64 | 1.2.0 | 59.00 | NOTE | |||
r-release-macos-x86_64 | 1.2.0 | 65.00 | NOTE | |||
r-release-windows-x86_64 | 1.2.0 | 112.00 | 80.00 | 192.00 | OK | |
r-oldrel-macos-arm64 | 1.2.0 | 63.00 | NOTE | |||
r-oldrel-macos-x86_64 | 1.2.0 | 76.00 | NOTE | |||
r-oldrel-windows-x86_64 | 1.2.0 | 124.00 | 99.00 | 223.00 | OK |
Version: 1.2.0
Check: package dependencies
Result: NOTE
Package suggested but not available for checking: ‘cooltools’
Flavors: r-release-macos-arm64, r-release-macos-x86_64
Version: 1.2.0
Check: installed package size
Result: NOTE
installed size is 8.4Mb
sub-directories of 1Mb or more:
libs 8.3Mb
Flavors: r-release-macos-arm64, r-release-macos-x86_64, r-oldrel-macos-arm64, r-oldrel-macos-x86_64