CRAN Package Check Results for Package speechbr

Last updated on 2025-07-21 01:49:17 CEST.

Flavor Version Tinstall Tcheck Ttotal Status Flags
r-devel-linux-x86_64-debian-clang 2.0.0 2.65 26.98 29.63 OK
r-devel-linux-x86_64-debian-gcc 2.0.0 2.02 23.03 25.05 OK
r-devel-linux-x86_64-fedora-clang 2.0.0 44.14 NOTE
r-devel-linux-x86_64-fedora-gcc 2.0.0 41.67 NOTE
r-devel-windows-x86_64 2.0.0 5.00 50.00 55.00 OK
r-patched-linux-x86_64 2.0.0 2.59 24.30 26.89 OK
r-release-linux-x86_64 2.0.0 2.42 24.55 26.97 OK
r-release-macos-arm64 2.0.0 18.00 OK
r-release-macos-x86_64 2.0.0 32.00 OK
r-release-windows-x86_64 2.0.0 4.00 51.00 55.00 OK
r-oldrel-macos-arm64 2.0.0 18.00 OK
r-oldrel-macos-x86_64 2.0.0 27.00 OK
r-oldrel-windows-x86_64 2.0.0 5.00 54.00 59.00 OK

Check Details

Version: 2.0.0
Check: dependencies in R code
Result: NOTE Namespaces in Imports field not imported from: ‘glue’ ‘httptest’ All declared Imports should be used. Flavors: r-devel-linux-x86_64-fedora-clang, r-devel-linux-x86_64-fedora-gcc