Last updated on 2024-06-30 00:59:27 CEST.
Flavor | Version | Tinstall | Tcheck | Ttotal | Status | Flags |
---|---|---|---|---|---|---|
r-devel-linux-x86_64-debian-clang | 0.3.0 | 8.44 | 116.56 | 125.00 | OK | |
r-devel-linux-x86_64-debian-gcc | 0.3.0 | 5.78 | 86.49 | 92.27 | OK | |
r-devel-linux-x86_64-fedora-clang | 0.3.0 | 150.18 | NOTE | |||
r-devel-linux-x86_64-fedora-gcc | 0.3.0 | 144.15 | NOTE | |||
r-devel-windows-x86_64 | 0.3.0 | 10.00 | 117.00 | 127.00 | OK | |
r-patched-linux-x86_64 | 0.3.0 | 7.21 | 108.30 | 115.51 | OK | |
r-release-linux-x86_64 | 0.3.0 | 5.01 | 111.52 | 116.53 | OK | |
r-release-macos-arm64 | 0.3.0 | 42.00 | OK | |||
r-release-macos-x86_64 | 0.3.0 | 90.00 | OK | |||
r-release-windows-x86_64 | 0.3.0 | 11.00 | 115.00 | 126.00 | OK | |
r-oldrel-macos-arm64 | 0.3.0 | 48.00 | OK | |||
r-oldrel-macos-x86_64 | 0.3.0 | 94.00 | OK | |||
r-oldrel-windows-x86_64 | 0.3.0 | 13.00 | 142.00 | 155.00 | OK |
Version: 0.3.0
Check: data for non-ASCII characters
Result: NOTE
Note: found 2 marked UTF-8 strings
Flavors: r-devel-linux-x86_64-fedora-clang, r-devel-linux-x86_64-fedora-gcc