Last updated on 2024-07-13 12:48:29 CEST.
Flavor | Version | Tinstall | Tcheck | Ttotal | Status | Flags |
---|---|---|---|---|---|---|
r-devel-linux-x86_64-debian-clang | 0.17.2 | 86.91 | 135.29 | 222.20 | OK | |
r-devel-linux-x86_64-debian-gcc | 0.17.2 | 52.33 | 98.60 | 150.93 | OK | |
r-devel-linux-x86_64-fedora-clang | 0.17.2 | 298.30 | OK | |||
r-devel-linux-x86_64-fedora-gcc | 0.17.2 | 316.79 | OK | |||
r-devel-windows-x86_64 | 0.17.2 | 64.00 | 184.00 | 248.00 | NOTE | |
r-patched-linux-x86_64 | 0.17.2 | 60.56 | 127.94 | 188.50 | OK | |
r-release-linux-x86_64 | 0.17.2 | 50.72 | 127.41 | 178.13 | OK | |
r-release-macos-arm64 | 0.17.2 | 65.00 | OK | |||
r-release-macos-x86_64 | 0.17.2 | 97.00 | OK | |||
r-release-windows-x86_64 | 0.17.2 | 68.00 | 193.00 | 261.00 | OK | |
r-oldrel-macos-arm64 | 0.17.2 | 74.00 | OK | |||
r-oldrel-macos-x86_64 | 0.17.2 | 180.00 | OK | |||
r-oldrel-windows-x86_64 | 0.17.2 | 84.00 | 207.00 | 291.00 | OK |
Version: 0.17.2
Check: Rd cross-references
Result: NOTE
Found the following Rd file(s) with Rd \link{} targets missing package
anchors:
forecast.spdur.Rd: forecast
Please provide package anchors for all Rd \link{} targets not in the
package itself and the base packages.
Flavor: r-devel-windows-x86_64