Last updated on 2024-06-15 12:48:36 CEST.
Flavor | Version | Tinstall | Tcheck | Ttotal | Status | Flags |
---|---|---|---|---|---|---|
r-devel-linux-x86_64-debian-clang | 0.5.1 | 49.11 | 626.23 | 675.34 | NOTE | |
r-devel-linux-x86_64-debian-gcc | 0.5.1 | 36.70 | 462.19 | 498.89 | NOTE | |
r-devel-linux-x86_64-fedora-clang | 0.5.1 | 796.02 | NOTE | |||
r-devel-linux-x86_64-fedora-gcc | 0.5.1 | 1011.18 | NOTE | |||
r-devel-windows-x86_64 | 0.5.1 | 46.00 | 417.00 | 463.00 | NOTE | |
r-patched-linux-x86_64 | 0.5.1 | 43.99 | 615.12 | 659.11 | OK | |
r-release-linux-x86_64 | 0.5.1 | 32.62 | 632.55 | 665.17 | OK | |
r-release-macos-arm64 | 0.5.1 | 179.00 | OK | |||
r-release-macos-x86_64 | 0.5.1 | 307.00 | OK | |||
r-release-windows-x86_64 | 0.5.1 | 48.00 | 416.00 | 464.00 | OK | |
r-oldrel-macos-arm64 | 0.5.1 | 171.00 | OK | |||
r-oldrel-macos-x86_64 | 0.5.1 | 440.00 | OK | |||
r-oldrel-windows-x86_64 | 0.5.1 | 61.00 | 534.00 | 595.00 | OK |
Version: 0.5.1
Check: compiled code
Result: NOTE
File ‘spatialsample/libs/spatialsample.so’:
Found non-API calls to R: ‘SETLENGTH’, ‘SET_TRUELENGTH’
Compiled code should not call non-API entry points in R.
See ‘Writing portable packages’ in the ‘Writing R Extensions’ manual.
Flavor: r-devel-linux-x86_64-debian-clang
Version: 0.5.1
Check: compiled code
Result: NOTE
File ‘spatialsample/libs/spatialsample.so’:
Found non-API calls to R: ‘SETLENGTH’, ‘SET_GROWABLE_BIT’,
‘SET_TRUELENGTH’
Compiled code should not call non-API entry points in R.
See ‘Writing portable packages’ in the ‘Writing R Extensions’ manual.
Flavors: r-devel-linux-x86_64-debian-gcc, r-devel-linux-x86_64-fedora-clang, r-devel-linux-x86_64-fedora-gcc
Version: 0.5.1
Check: compiled code
Result: NOTE
File 'spatialsample/libs/x64/spatialsample.dll':
Found non-API calls to R: 'SETLENGTH', 'SET_TRUELENGTH'
Compiled code should not call non-API entry points in R.
See 'Writing portable packages' in the 'Writing R Extensions' manual.
Flavor: r-devel-windows-x86_64