CRAN Package Check Results for Package spatialreg

Last updated on 2025-04-29 01:49:48 CEST.

Flavor Version Tinstall Tcheck Ttotal Status Flags
r-devel-linux-x86_64-debian-clang 1.3-6 23.41 369.37 392.78 OK
r-devel-linux-x86_64-debian-gcc 1.3-6 18.47 236.52 254.99 NOTE
r-devel-linux-x86_64-fedora-clang 1.3-6 642.60 OK
r-devel-linux-x86_64-fedora-gcc 1.3-6 639.82 OK
r-devel-windows-x86_64 1.3-6 28.00 356.00 384.00 OK
r-patched-linux-x86_64 1.3-6 24.22 355.17 379.39 OK
r-release-linux-x86_64 1.3-6 24.53 356.46 380.99 OK
r-release-macos-arm64 1.3-6 202.00 OK
r-release-macos-x86_64 1.3-6 411.00 OK
r-release-windows-x86_64 1.3-6 29.00 360.00 389.00 OK
r-oldrel-macos-arm64 1.3-6 159.00 OK
r-oldrel-macos-x86_64 1.3-6 342.00 OK
r-oldrel-windows-x86_64 1.3-6 37.00 477.00 514.00 OK

Check Details

Version: 1.3-6
Check: examples
Result: NOTE Examples with CPU (user + system) or elapsed time > 5s user system elapsed ML_models 4.047 0.083 5.243 Flavor: r-devel-linux-x86_64-debian-gcc