Last updated on 2025-07-21 01:49:16 CEST.
Flavor | Version | Tinstall | Tcheck | Ttotal | Status | Flags |
---|---|---|---|---|---|---|
r-devel-linux-x86_64-debian-clang | 1.0.1 | 6.11 | 52.47 | 58.58 | NOTE | |
r-devel-linux-x86_64-debian-gcc | 1.0.1 | 4.81 | 39.62 | 44.43 | NOTE | |
r-devel-linux-x86_64-fedora-clang | 1.0.1 | 90.06 | OK | |||
r-devel-linux-x86_64-fedora-gcc | 1.0.1 | 85.43 | OK | |||
r-devel-windows-x86_64 | 1.0.1 | 7.00 | 66.00 | 73.00 | OK | |
r-patched-linux-x86_64 | 1.0.1 | 5.95 | 49.89 | 55.84 | OK | |
r-release-linux-x86_64 | 1.0.1 | 4.38 | 49.87 | 54.25 | OK | |
r-release-macos-arm64 | 1.0.1 | 32.00 | OK | |||
r-release-macos-x86_64 | 1.0.1 | 54.00 | OK | |||
r-release-windows-x86_64 | 1.0.1 | 7.00 | 64.00 | 71.00 | OK | |
r-oldrel-macos-arm64 | 1.0.1 | 30.00 | OK | |||
r-oldrel-macos-x86_64 | 1.0.1 | 44.00 | OK | |||
r-oldrel-windows-x86_64 | 1.0.1 | 8.00 | 77.00 | 85.00 | OK |
Version: 1.0.1
Check: CRAN incoming feasibility
Result: NOTE
Maintainer: ‘Gertjan van den Burg <gertjanvandenburg@gmail.com>’
Package CITATION file contains call(s) to old-style personList() or
as.personList(). Please use c() on person objects instead.
The Description field contains
<arXiv:1701.06967>. In the model, a regularization term is added to the
Please refer to arXiv e-prints via their arXiv DOI <doi:10.48550/arXiv.YYMM.NNNNN>.
The BugReports field in DESCRIPTION has
https://github.com/GjjvdBurg/SparseStep
which should likely be
https://github.com/GjjvdBurg/SparseStep/issues
instead.
Flavors: r-devel-linux-x86_64-debian-clang, r-devel-linux-x86_64-debian-gcc