Last updated on 2025-07-20 12:49:38 CEST.
Flavor | Version | Tinstall | Tcheck | Ttotal | Status | Flags |
---|---|---|---|---|---|---|
r-devel-linux-x86_64-debian-clang | 0.1.6 | 14.18 | 56.15 | 70.33 | NOTE | |
r-devel-linux-x86_64-debian-gcc | 0.1.6 | 10.35 | 40.38 | 50.73 | NOTE | |
r-devel-linux-x86_64-fedora-clang | 0.1.6 | 110.67 | NOTE | |||
r-devel-linux-x86_64-fedora-gcc | 0.1.6 | 103.97 | NOTE | |||
r-devel-windows-x86_64 | 0.1.6 | 17.00 | 83.00 | 100.00 | NOTE | |
r-patched-linux-x86_64 | 0.1.6 | 12.89 | 50.30 | 63.19 | NOTE | |
r-release-linux-x86_64 | 0.1.6 | 13.97 | 51.07 | 65.04 | NOTE | |
r-release-macos-arm64 | 0.1.6 | 33.00 | NOTE | |||
r-release-macos-x86_64 | 0.1.6 | 62.00 | NOTE | |||
r-release-windows-x86_64 | 0.1.6 | 18.00 | 82.00 | 100.00 | NOTE | |
r-oldrel-macos-arm64 | 0.1.6 | 33.00 | NOTE | |||
r-oldrel-macos-x86_64 | 0.1.6 | 50.00 | NOTE | |||
r-oldrel-windows-x86_64 | 0.1.6 | 22.00 | 104.00 | 126.00 | NOTE |
Version: 0.1.6
Check: CRAN incoming feasibility
Result: NOTE
Maintainer: ‘Edgar Ruiz <edgar@rstudio.com>’
The BugReports field in DESCRIPTION has
https://github.com/r-spark/sparkwarc
which should likely be
https://github.com/r-spark/sparkwarc/issues
instead.
Flavors: r-devel-linux-x86_64-debian-clang, r-devel-linux-x86_64-debian-gcc
Version: 0.1.6
Check: C++ specification
Result: NOTE
Specified C++11: please drop specification unless essential
Flavors: r-devel-linux-x86_64-debian-clang, r-devel-linux-x86_64-debian-gcc, r-devel-linux-x86_64-fedora-clang, r-devel-linux-x86_64-fedora-gcc, r-devel-windows-x86_64, r-patched-linux-x86_64, r-release-linux-x86_64, r-release-macos-arm64, r-release-macos-x86_64, r-release-windows-x86_64, r-oldrel-macos-arm64, r-oldrel-macos-x86_64, r-oldrel-windows-x86_64