Last updated on 2025-05-19 01:50:08 CEST.
Flavor | Version | Tinstall | Tcheck | Ttotal | Status | Flags |
---|---|---|---|---|---|---|
r-devel-linux-x86_64-debian-clang | 1.2 | 3.27 | 25.38 | 28.65 | NOTE | |
r-devel-linux-x86_64-debian-gcc | 1.2 | 2.55 | 19.56 | 22.11 | NOTE | |
r-devel-linux-x86_64-fedora-clang | 1.2 | 42.19 | NOTE | |||
r-devel-linux-x86_64-fedora-gcc | 1.2 | 40.37 | NOTE | |||
r-devel-windows-x86_64 | 1.2 | 6.00 | 63.00 | 69.00 | NOTE | |
r-patched-linux-x86_64 | 1.2 | 3.55 | 23.28 | 26.83 | NOTE | |
r-release-linux-x86_64 | 1.2 | 3.29 | 23.27 | 26.56 | NOTE | |
r-release-macos-arm64 | 1.2 | 18.00 | NOTE | |||
r-release-macos-x86_64 | 1.2 | 30.00 | NOTE | |||
r-release-windows-x86_64 | 1.2 | 6.00 | 54.00 | 60.00 | NOTE | |
r-oldrel-macos-arm64 | 1.2 | 20.00 | NOTE | |||
r-oldrel-macos-x86_64 | 1.2 | 28.00 | NOTE | |||
r-oldrel-windows-x86_64 | 1.2 | 7.00 | 54.00 | 61.00 | NOTE |
Version: 1.2
Check: CRAN incoming feasibility
Result: NOTE
Maintainer: ‘Kieran Healy <kjhealy@gmail.com>’
Package CITATION file contains call(s) to old-style personList() or
as.personList(). Please use c() on person objects instead.
Package CITATION file contains call(s) to old-style citEntry(). Please
use bibentry() instead.
Flavors: r-devel-linux-x86_64-debian-clang, r-devel-linux-x86_64-debian-gcc
Version: 1.2
Check: Rd files
Result: NOTE
checkRd: (-1) preg2.Rd:8: Lost braces
8 | An object of class \\code{tbl_df} (inherits from \\code{tbl}, \\code{data.frame}) with 2 rows and 4 columns.
| ^
checkRd: (-1) preg2.Rd:8: Lost braces
8 | An object of class \\code{tbl_df} (inherits from \\code{tbl}, \\code{data.frame}) with 2 rows and 4 columns.
| ^
checkRd: (-1) preg2.Rd:8: Lost braces
8 | An object of class \\code{tbl_df} (inherits from \\code{tbl}, \\code{data.frame}) with 2 rows and 4 columns.
| ^
Flavors: r-devel-linux-x86_64-debian-clang, r-devel-linux-x86_64-debian-gcc, r-devel-linux-x86_64-fedora-clang, r-devel-linux-x86_64-fedora-gcc, r-devel-windows-x86_64, r-patched-linux-x86_64, r-release-linux-x86_64, r-release-macos-arm64, r-release-macos-x86_64, r-release-windows-x86_64, r-oldrel-macos-arm64, r-oldrel-macos-x86_64, r-oldrel-windows-x86_64
Version: 1.2
Check: installed package size
Result: NOTE
installed size is 5.2Mb
sub-directories of 1Mb or more:
data 4.5Mb
Flavor: r-oldrel-macos-x86_64