Last updated on 2024-06-30 00:59:26 CEST.
Flavor | Version | Tinstall | Tcheck | Ttotal | Status | Flags |
---|---|---|---|---|---|---|
r-devel-linux-x86_64-debian-clang | 0.8.0 | 9.54 | 121.62 | 131.16 | NOTE | |
r-devel-linux-x86_64-debian-gcc | 0.8.0 | 8.54 | 88.81 | 97.35 | NOTE | |
r-devel-linux-x86_64-fedora-clang | 0.8.0 | 157.38 | NOTE | |||
r-devel-linux-x86_64-fedora-gcc | 0.8.0 | 148.97 | NOTE | |||
r-devel-windows-x86_64 | 0.8.0 | 13.00 | 112.00 | 125.00 | NOTE | |
r-patched-linux-x86_64 | 0.8.0 | 14.82 | 111.91 | 126.73 | NOTE | |
r-release-linux-x86_64 | 0.8.0 | 7.19 | 113.57 | 120.76 | NOTE | |
r-release-macos-arm64 | 0.8.0 | 43.00 | NOTE | |||
r-release-macos-x86_64 | 0.8.0 | 77.00 | NOTE | |||
r-release-windows-x86_64 | 0.8.0 | 13.00 | 115.00 | 128.00 | NOTE | |
r-oldrel-macos-arm64 | 0.8.0 | 47.00 | OK | |||
r-oldrel-macos-x86_64 | 0.8.0 | 74.00 | OK | |||
r-oldrel-windows-x86_64 | 0.8.0 | 14.00 | 135.00 | 149.00 | OK |
Version: 0.8.0
Check: Rd files
Result: NOTE
checkRd: (-1) map.active.Rd:82: Lost braces
82 | \link{guides}, \link{theme} and link{guide_legend} functions from the
| ^
checkRd: (-1) map.add.Rd:99: Lost braces
99 | \link{guides}, \link{theme} and link{guide_legend} functions from the
| ^
checkRd: (-1) map.csa.mca.Rd:35: Lost braces
35 | \link{soc.csa}, \link{map.csa.all}, link{map.csa.mca.array}
| ^
checkRd: (-1) map.ctr.Rd:85: Lost braces
85 | \link{guides}, \link{theme} and link{guide_legend} functions from the
| ^
checkRd: (-1) map.ind.Rd:80: Lost braces
80 | \link{guides}, \link{theme} and link{guide_legend} functions from the
| ^
checkRd: (-1) map.mod.Rd:82: Lost braces
82 | \link{guides}, \link{theme} and link{guide_legend} functions from the
| ^
checkRd: (-1) map.sup.Rd:82: Lost braces
82 | \link{guides}, \link{theme} and link{guide_legend} functions from the
| ^
Flavors: r-devel-linux-x86_64-debian-clang, r-devel-linux-x86_64-debian-gcc, r-devel-linux-x86_64-fedora-clang, r-devel-linux-x86_64-fedora-gcc, r-devel-windows-x86_64, r-patched-linux-x86_64, r-release-linux-x86_64, r-release-macos-arm64, r-release-macos-x86_64, r-release-windows-x86_64
Version: 0.8.0
Check: dependencies in R code
Result: NOTE
Namespaces in Imports field not imported from:
‘FactoMineR’ ‘flextable’ ‘htmlTable’ ‘stringr’
All declared Imports should be used.
Flavors: r-devel-linux-x86_64-fedora-clang, r-devel-linux-x86_64-fedora-gcc
Version: 0.8.0
Check: data for non-ASCII characters
Result: NOTE
Note: found 938 marked UTF-8 strings
Flavors: r-devel-linux-x86_64-fedora-clang, r-devel-linux-x86_64-fedora-gcc