Last updated on 2025-04-29 01:49:48 CEST.
Flavor | Version | Tinstall | Tcheck | Ttotal | Status | Flags |
---|---|---|---|---|---|---|
r-devel-linux-x86_64-debian-clang | 1.2.2 | 2.72 | 71.65 | 74.37 | OK | |
r-devel-linux-x86_64-debian-gcc | 1.2.2 | 1.76 | 57.98 | 59.74 | NOTE | |
r-devel-linux-x86_64-fedora-clang | 1.2.2 | 117.29 | OK | |||
r-devel-linux-x86_64-fedora-gcc | 1.2.2 | 147.12 | OK | |||
r-devel-windows-x86_64 | 1.2.2 | 3.00 | 126.00 | 129.00 | OK | |
r-patched-linux-x86_64 | 1.2.2 | 3.03 | 84.01 | 87.04 | OK | |
r-release-linux-x86_64 | 1.2.2 | 2.60 | 80.94 | 83.54 | OK | |
r-release-macos-arm64 | 1.2.2 | 65.00 | OK | |||
r-release-macos-x86_64 | 1.2.2 | 109.00 | OK | |||
r-release-windows-x86_64 | 1.2.2 | 3.00 | 128.00 | 131.00 | OK | |
r-oldrel-macos-arm64 | 1.2.2 | 55.00 | OK | |||
r-oldrel-macos-x86_64 | 1.2.2 | 85.00 | OK | |||
r-oldrel-windows-x86_64 | 1.2.2 | 4.00 | 137.00 | 141.00 | OK |
Version: 1.2.2
Check: CRAN incoming feasibility
Result: NOTE
Maintainer: ‘Alireza Mahani <alireza.s.mahani@gmail.com>’
No Authors@R field in DESCRIPTION.
Please add one, modifying
Authors@R: c(person(given = c("Alireza", "S."),
family = "Mahani",
role = "aut"),
person(given = "Asad",
family = "Hasan",
role = "aut"),
person(given = "Marshall",
family = "Jiang",
role = "aut"),
person(given = c("Mansour", "T.A."),
family = "Sharabiani",
role = "aut"),
person(given = "Alireza",
family = "Mahani",
role = "cre",
email = "alireza.s.mahani@gmail.com"))
as necessary.
Flavor: r-devel-linux-x86_64-debian-gcc