Last updated on 2025-07-20 12:49:38 CEST.
Flavor | Version | Tinstall | Tcheck | Ttotal | Status | Flags |
---|---|---|---|---|---|---|
r-devel-linux-x86_64-debian-clang | 0.18.3 | 26.91 | 179.71 | 206.62 | OK | |
r-devel-linux-x86_64-debian-gcc | 0.18.3 | 17.86 | 131.33 | 149.19 | OK | |
r-devel-linux-x86_64-fedora-clang | 0.18.3 | 329.34 | OK | |||
r-devel-linux-x86_64-fedora-gcc | 0.18.3 | 310.47 | OK | |||
r-devel-windows-x86_64 | 0.18.3 | 30.00 | 188.00 | 218.00 | OK | |
r-patched-linux-x86_64 | 0.18.3 | 23.33 | 170.85 | 194.18 | OK | |
r-release-linux-x86_64 | 0.18.3 | 23.43 | 170.05 | 193.48 | OK | |
r-release-macos-arm64 | 0.18.3 | 86.00 | OK | |||
r-release-macos-x86_64 | 0.18.3 | 179.00 | OK | |||
r-release-windows-x86_64 | 0.18.3 | 31.00 | 182.00 | 213.00 | OK | |
r-oldrel-macos-arm64 | 0.18.3 | 94.00 | OK | |||
r-oldrel-macos-x86_64 | 0.18.3 | 199.00 | OK | |||
r-oldrel-windows-x86_64 | 0.18.3 | 37.00 | 10.00 | 47.00 | ERROR |
Version: 0.18.3
Check: whether package can be installed
Result: ERROR
Installation failed.
Flavor: r-oldrel-windows-x86_64