Last updated on 2024-08-16 12:49:20 CEST.
Flavor | Version | Tinstall | Tcheck | Ttotal | Status | Flags |
---|---|---|---|---|---|---|
r-devel-linux-x86_64-debian-clang | 1.6.0.3 | 59.59 | 87.90 | 147.49 | NOTE | |
r-devel-linux-x86_64-debian-gcc | 1.6.0.3 | 42.88 | 59.19 | 102.07 | NOTE | |
r-devel-linux-x86_64-fedora-clang | 1.6.0.3 | 283.22 | NOTE | |||
r-devel-linux-x86_64-fedora-gcc | 1.6.0.3 | 280.45 | NOTE | |||
r-devel-windows-x86_64 | 1.6.0.3 | 79.00 | 137.00 | 216.00 | NOTE | |
r-patched-linux-x86_64 | 1.6.0.3 | 62.97 | 82.33 | 145.30 | NOTE | |
r-release-linux-x86_64 | 1.6.0.3 | 60.33 | 82.92 | 143.25 | NOTE | |
r-release-macos-arm64 | 1.6.0.3 | 66.00 | NOTE | |||
r-release-macos-x86_64 | 1.6.0.3 | 94.00 | NOTE | |||
r-release-windows-x86_64 | 1.6.0.3 | 85.00 | 137.00 | 222.00 | NOTE | |
r-oldrel-macos-arm64 | 1.6.0.3 | 74.00 | OK | |||
r-oldrel-macos-x86_64 | 1.6.0.3 | 126.00 | OK | |||
r-oldrel-windows-x86_64 | 1.6.0.3 | 94.00 | 162.00 | 256.00 | OK |
Version: 1.6.0.3
Check: Rd files
Result: NOTE
checkRd: (-1) getGlobalOptimum.Rd:16: Lost braces in \itemize; \value handles \item{}{} directly
checkRd: (-1) getGlobalOptimum.Rd:17: Lost braces in \itemize; \value handles \item{}{} directly
checkRd: (-1) getGlobalOptimum.Rd:18: Lost braces in \itemize; \value handles \item{}{} directly
checkRd: (-1) getLocalOptimum.Rd:16: Lost braces in \itemize; \value handles \item{}{} directly
checkRd: (-1) getLocalOptimum.Rd:17: Lost braces in \itemize; \value handles \item{}{} directly
checkRd: (-1) getLocalOptimum.Rd:18: Lost braces in \itemize; \value handles \item{}{} directly
checkRd: (-1) smoof_function.Rd:10: Lost braces
10 | or code{smoof_multi_objective_function}. Both single- and multi-objective functions share the following attributes.
| ^
Flavors: r-devel-linux-x86_64-debian-clang, r-devel-linux-x86_64-debian-gcc, r-devel-linux-x86_64-fedora-clang, r-devel-linux-x86_64-fedora-gcc, r-devel-windows-x86_64, r-patched-linux-x86_64, r-release-linux-x86_64, r-release-macos-arm64, r-release-macos-x86_64, r-release-windows-x86_64