Last updated on 2024-07-13 12:48:28 CEST.
Flavor | Version | Tinstall | Tcheck | Ttotal | Status | Flags |
---|---|---|---|---|---|---|
r-devel-linux-x86_64-debian-clang | 1.0.1 | 41.16 | 29.89 | 71.05 | NOTE | |
r-devel-linux-x86_64-debian-gcc | 1.0.1 | 25.79 | 22.37 | 48.16 | NOTE | |
r-devel-linux-x86_64-fedora-clang | 1.0.1 | 107.64 | NOTE | |||
r-devel-linux-x86_64-fedora-gcc | 1.0.1 | 98.86 | WARN | |||
r-devel-windows-x86_64 | 1.0.1 | 30.00 | 60.00 | 90.00 | NOTE | |
r-patched-linux-x86_64 | 1.0.1 | 30.32 | 27.54 | 57.86 | NOTE | |
r-release-linux-x86_64 | 1.0.1 | 31.45 | 27.53 | 58.98 | NOTE | |
r-release-macos-arm64 | 1.0.1 | 26.00 | NOTE | |||
r-release-macos-x86_64 | 1.0.1 | 31.00 | NOTE | |||
r-release-windows-x86_64 | 1.0.1 | 31.00 | 59.00 | 90.00 | NOTE | |
r-oldrel-macos-arm64 | 1.0.1 | 28.00 | NOTE | |||
r-oldrel-macos-x86_64 | 1.0.1 | 45.00 | NOTE | |||
r-oldrel-windows-x86_64 | 1.0.1 | 32.00 | 67.00 | 99.00 | NOTE |
Version: 1.0.1
Check: LazyData
Result: NOTE
'LazyData' is specified without a 'data' directory
Flavors: r-devel-linux-x86_64-debian-clang, r-devel-linux-x86_64-debian-gcc, r-devel-linux-x86_64-fedora-clang, r-devel-linux-x86_64-fedora-gcc, r-devel-windows-x86_64, r-patched-linux-x86_64, r-release-linux-x86_64, r-release-macos-arm64, r-release-macos-x86_64, r-release-windows-x86_64, r-oldrel-macos-arm64, r-oldrel-macos-x86_64, r-oldrel-windows-x86_64
Version: 1.0.1
Check: whether package can be installed
Result: WARN
Found the following significant warnings:
op2d.h:30:22: warning: template-id not allowed for constructor in C++20 [-Wtemplate-id-cdtor]
See ‘/data/gannet/ripley/R/packages/tests-devel/slopeOP.Rcheck/00install.out’ for details.
* used C++ compiler: ‘g++-14 (GCC) 14.1.0’
Flavor: r-devel-linux-x86_64-fedora-gcc