CRAN Package Check Results for Package skipTrack

Last updated on 2025-04-29 01:49:48 CEST.

Flavor Version Tinstall Tcheck Ttotal Status Flags
r-devel-linux-x86_64-debian-clang 0.1.2 4.31 161.27 165.58 OK
r-devel-linux-x86_64-debian-gcc 0.1.2 2.70 107.37 110.07 NOTE
r-devel-linux-x86_64-fedora-clang 0.1.2 268.95 OK
r-devel-linux-x86_64-fedora-gcc 0.1.2 270.64 OK
r-devel-windows-x86_64 0.1.2 6.00 164.00 170.00 OK
r-patched-linux-x86_64 0.1.2 4.28 152.61 156.89 OK
r-release-linux-x86_64 0.1.2 3.90 148.98 152.88 OK
r-release-macos-arm64 0.1.2 77.00 OK
r-release-macos-x86_64 0.1.2 148.00 OK
r-release-windows-x86_64 0.1.2 8.00 169.00 177.00 OK
r-oldrel-macos-arm64 0.1.2 82.00 OK
r-oldrel-macos-x86_64 0.1.2 145.00 OK
r-oldrel-windows-x86_64 0.1.2 9.00 0.00 9.00 FAIL

Check Details

Version: 0.1.2
Check: examples
Result: NOTE Examples with CPU (user + system) or elapsed time > 5s user system elapsed plot.skipTrack.model 3.538 0.218 5.212 Flavor: r-devel-linux-x86_64-debian-gcc

Version: 0.1.2
Check: PDF version of manual
Result: FAIL Check process probably crashed or hung up for 20 minutes ... killed Most likely this happened in the example checks (?), if not, ignore the following last lines of example output: ---------------------------------------------------- Diagnostics: Effective Sample Size Gelman-Rubin Betas 102.00 0.99 Gammas 21.66 1.02 cijs 27.63 1.03 ---------------------------------------------------- > > > > > > ### * <FOOTER> > ### > cleanEx() > options(digits = 7L) > base::cat("Time elapsed: ", proc.time() - base::get("ptime", pos = 'CheckExEnv'),"\n") Time elapsed: 33.6 1.56 35.19 NA NA > grDevices::dev.off() null device 1 > ### > ### Local variables: *** > ### mode: outline-minor *** > ### outline-regexp: "\\(> \\)?### [*]+" *** > ### End: *** > quit('no') ======== End of example output (where/before crash/hang up occured ?) ======== Flavor: r-oldrel-windows-x86_64