CRAN Package Check Results for Package sjmisc

Last updated on 2025-04-29 01:49:48 CEST.

Flavor Version Tinstall Tcheck Ttotal Status Flags
r-devel-linux-x86_64-debian-clang 2.8.10 8.66 93.71 102.37 NOTE
r-devel-linux-x86_64-debian-gcc 2.8.10 5.40 73.65 79.05 NOTE
r-devel-linux-x86_64-fedora-clang 2.8.10 168.03 OK
r-devel-linux-x86_64-fedora-gcc 2.8.10 179.76 OK
r-devel-windows-x86_64 2.8.10 9.00 124.00 133.00 NOTE
r-patched-linux-x86_64 2.8.10 7.78 88.00 95.78 NOTE
r-release-linux-x86_64 2.8.10 6.85 91.43 98.28 NOTE
r-release-macos-arm64 2.8.10 56.00 OK
r-release-macos-x86_64 2.8.10 100.00 OK
r-release-windows-x86_64 2.8.10 10.00 120.00 130.00 NOTE
r-oldrel-macos-arm64 2.8.10 68.00 OK
r-oldrel-macos-x86_64 2.8.10 77.00 OK
r-oldrel-windows-x86_64 2.8.10 13.00 188.00 201.00 OK

Check Details

Version: 2.8.10
Check: Rd cross-references
Result: NOTE Found the following Rd file(s) with Rd \link{} targets missing package anchors: to_value.Rd: set_labels Please provide package anchors for all Rd \link{} targets not in the package itself and the base packages. Flavors: r-devel-linux-x86_64-debian-clang, r-devel-linux-x86_64-debian-gcc, r-devel-windows-x86_64, r-patched-linux-x86_64, r-release-linux-x86_64, r-release-windows-x86_64