Last updated on 2025-05-19 12:50:18 CEST.
Flavor | Version | Tinstall | Tcheck | Ttotal | Status | Flags |
---|---|---|---|---|---|---|
r-devel-linux-x86_64-debian-clang | 1.0.0 | 1.85 | 25.70 | 27.55 | OK | |
r-devel-linux-x86_64-debian-gcc | 1.0.0 | 1.68 | 20.89 | 22.57 | OK | |
r-devel-linux-x86_64-fedora-clang | 1.0.0 | 43.78 | NOTE | |||
r-devel-linux-x86_64-fedora-gcc | 1.0.0 | 54.26 | NOTE | |||
r-devel-windows-x86_64 | 1.0.0 | 5.00 | 54.00 | 59.00 | OK | |
r-patched-linux-x86_64 | 1.0.0 | 1.92 | 24.22 | 26.14 | OK | |
r-release-linux-x86_64 | 1.0.0 | 1.89 | 23.74 | 25.63 | OK | |
r-release-macos-arm64 | 1.0.0 | 26.00 | OK | |||
r-release-macos-x86_64 | 1.0.0 | 41.00 | OK | |||
r-release-windows-x86_64 | 1.0.0 | 6.00 | 52.00 | 58.00 | OK | |
r-oldrel-macos-arm64 | 1.0.0 | 25.00 | NOTE | |||
r-oldrel-macos-x86_64 | 1.0.0 | 37.00 | NOTE | |||
r-oldrel-windows-x86_64 | 1.0.0 | 5.00 | 53.00 | 58.00 | NOTE |
Version: 1.0.0
Check: dependencies in R code
Result: NOTE
Namespaces in Imports field not imported from:
‘data.table’ ‘dplyr’ ‘rmarkdown’ ‘yaml’
All declared Imports should be used.
Flavors: r-devel-linux-x86_64-fedora-clang, r-devel-linux-x86_64-fedora-gcc
Version: 1.0.0
Check: LazyData
Result: NOTE
'LazyData' is specified without a 'data' directory
Flavors: r-oldrel-macos-arm64, r-oldrel-macos-x86_64, r-oldrel-windows-x86_64