Last updated on 2025-04-29 01:49:48 CEST.
Flavor | Version | Tinstall | Tcheck | Ttotal | Status | Flags |
---|---|---|---|---|---|---|
r-devel-linux-x86_64-debian-clang | 1.4 | 1.94 | 17.55 | 19.49 | OK | |
r-devel-linux-x86_64-debian-gcc | 1.4 | 1.47 | 15.21 | 16.68 | NOTE | |
r-devel-linux-x86_64-fedora-clang | 1.4 | 31.91 | OK | |||
r-devel-linux-x86_64-fedora-gcc | 1.4 | 30.27 | OK | |||
r-devel-windows-x86_64 | 1.4 | 3.00 | 40.00 | 43.00 | OK | |
r-patched-linux-x86_64 | 1.4 | 2.04 | 17.44 | 19.48 | OK | |
r-release-linux-x86_64 | 1.4 | 1.85 | 17.56 | 19.41 | OK | |
r-release-macos-arm64 | 1.4 | 18.00 | OK | |||
r-release-macos-x86_64 | 1.4 | 26.00 | OK | |||
r-release-windows-x86_64 | 1.4 | 2.00 | 41.00 | 43.00 | OK | |
r-oldrel-macos-arm64 | 1.4 | 15.00 | OK | |||
r-oldrel-macos-x86_64 | 1.4 | 23.00 | OK | |||
r-oldrel-windows-x86_64 | 1.4 | 3.00 | 41.00 | 44.00 | OK |
Version: 1.4
Check: CRAN incoming feasibility
Result: NOTE
Maintainer: ‘Hyunseung Kang <hyunseung@stat.wisc.edu>’
No Authors@R field in DESCRIPTION.
Please add one, modifying
Authors@R: person(given = "Hyunseung",
family = "Kang",
role = c("aut", "cre"),
email = "hyunseung@stat.wisc.edu")
as necessary.
Flavor: r-devel-linux-x86_64-debian-gcc