CRAN Package Check Results for Package singleCellHaystack

Last updated on 2025-04-29 01:49:48 CEST.

Flavor Version Tinstall Tcheck Ttotal Status Flags
r-devel-linux-x86_64-debian-clang 1.0.2 10.84 150.41 161.25 NOTE
r-devel-linux-x86_64-debian-gcc 1.0.2 7.98 120.68 128.66 NOTE
r-devel-linux-x86_64-fedora-clang 1.0.2 267.05 NOTE
r-devel-linux-x86_64-fedora-gcc 1.0.2 272.13 NOTE
r-devel-windows-x86_64 1.0.2 12.00 161.00 173.00 NOTE
r-patched-linux-x86_64 1.0.2 10.90 149.62 160.52 NOTE
r-release-linux-x86_64 1.0.2 11.30 151.03 162.33 NOTE
r-release-macos-arm64 1.0.2 83.00 NOTE
r-release-macos-x86_64 1.0.2 165.00 NOTE
r-release-windows-x86_64 1.0.2 14.00 162.00 176.00 NOTE
r-oldrel-macos-arm64 1.0.2 80.00 OK
r-oldrel-macos-x86_64 1.0.2 132.00 OK
r-oldrel-windows-x86_64 1.0.2 16.00 240.00 256.00 OK

Additional issues

noSuggests

Check Details

Version: 1.0.2
Check: DESCRIPTION meta-information
Result: NOTE Missing dependency on R >= 4.1.0 because package code uses the pipe |> or function shorthand \(...) syntax added in R 4.1.0. File(s) using such syntax: ‘debug.R’ Flavors: r-devel-linux-x86_64-debian-clang, r-devel-linux-x86_64-debian-gcc, r-devel-linux-x86_64-fedora-clang, r-devel-linux-x86_64-fedora-gcc, r-devel-windows-x86_64, r-patched-linux-x86_64, r-release-linux-x86_64, r-release-macos-arm64, r-release-macos-x86_64, r-release-windows-x86_64

Version: 1.0.2
Check: examples
Result: NOTE Examples with CPU (user + system) or elapsed time > 5s user system elapsed show_result_haystack 5.047 2.451 8.759 haystack_continuous_highD 4.897 2.575 8.097 Flavor: r-devel-linux-x86_64-debian-gcc