Last updated on 2024-08-16 12:49:20 CEST.
Flavor | Version | Tinstall | Tcheck | Ttotal | Status | Flags |
---|---|---|---|---|---|---|
r-devel-linux-x86_64-debian-clang | 0.2.5 | 7.74 | 61.73 | 69.47 | NOTE | --no-vignettes |
r-devel-linux-x86_64-debian-gcc | 0.2.5 | 4.60 | 45.11 | 49.71 | NOTE | --no-vignettes |
r-devel-linux-x86_64-fedora-clang | 0.2.5 | 356.47 | NOTE | |||
r-devel-linux-x86_64-fedora-gcc | 0.2.5 | 404.59 | NOTE | |||
r-devel-windows-x86_64 | 0.2.5 | 9.00 | 341.00 | 350.00 | NOTE | |
r-patched-linux-x86_64 | 0.2.5 | 8.43 | 58.54 | 66.97 | NOTE | --no-vignettes |
r-release-linux-x86_64 | 0.2.5 | 6.32 | 58.80 | 65.12 | NOTE | --no-vignettes |
r-release-macos-arm64 | 0.2.5 | 193.00 | NOTE | |||
r-release-macos-x86_64 | 0.2.5 | 307.00 | NOTE | |||
r-release-windows-x86_64 | 0.2.5 | 7.00 | 340.00 | 347.00 | NOTE | |
r-oldrel-macos-arm64 | 0.2.5 | 212.00 | OK | |||
r-oldrel-macos-x86_64 | 0.2.5 | 352.00 | OK | |||
r-oldrel-windows-x86_64 | 0.2.5 | 8.00 | 425.00 | 433.00 | OK |
Version: 0.2.5
Flags: --no-vignettes
Check: Rd files
Result: NOTE
checkRd: (-1) add_bold.Rd:15: Lost braces; missing escapes or markup?
15 | For example, in latex it would take "2" and output "{\\bf 2}"; in html
| ^
Flavors: r-devel-linux-x86_64-debian-clang, r-devel-linux-x86_64-debian-gcc, r-patched-linux-x86_64, r-release-linux-x86_64
Version: 0.2.5
Check: Rd files
Result: NOTE
checkRd: (-1) add_bold.Rd:15: Lost braces; missing escapes or markup?
15 | For example, in latex it would take "2" and output "{\\bf 2}"; in html
| ^
Flavors: r-devel-linux-x86_64-fedora-clang, r-devel-linux-x86_64-fedora-gcc, r-devel-windows-x86_64, r-release-macos-arm64, r-release-macos-x86_64, r-release-windows-x86_64