Last updated on 2025-07-19 13:50:26 CEST.
Flavor | Version | Tinstall | Tcheck | Ttotal | Status | Flags |
---|---|---|---|---|---|---|
r-devel-linux-x86_64-debian-clang | 2.5.1 | 34.16 | 282.12 | 316.28 | NOTE | |
r-devel-linux-x86_64-debian-gcc | 2.5.1 | 21.70 | 183.69 | 205.39 | NOTE | |
r-devel-linux-x86_64-fedora-clang | 2.5.1 | 489.94 | OK | |||
r-devel-linux-x86_64-fedora-gcc | 2.5.1 | 461.93 | OK | |||
r-devel-windows-x86_64 | 2.5.1 | 28.00 | 215.00 | 243.00 | NOTE | |
r-patched-linux-x86_64 | 2.5.1 | 29.07 | 263.86 | 292.93 | NOTE | |
r-release-linux-x86_64 | 2.5.1 | 29.88 | 260.85 | 290.73 | NOTE | |
r-release-macos-arm64 | 2.5.1 | 108.00 | OK | |||
r-release-macos-x86_64 | 2.5.1 | 240.00 | OK | |||
r-release-windows-x86_64 | 2.5.1 | 28.00 | 206.00 | 234.00 | NOTE | |
r-oldrel-macos-arm64 | 2.5.1 | 100.00 | OK | |||
r-oldrel-macos-x86_64 | 2.5.1 | 178.00 | OK | |||
r-oldrel-windows-x86_64 | 2.5.1 | 40.00 | 304.00 | 344.00 | OK |
Version: 2.5.1
Check: Rd cross-references
Result: NOTE
Found the following Rd file(s) with Rd \link{} targets missing package
anchors:
stat_hollow_contour.Rd: aes, aes_, borders, layer
Please provide package anchors for all Rd \link{} targets not in the
package itself and the base packages.
Flavors: r-devel-linux-x86_64-debian-clang, r-devel-linux-x86_64-debian-gcc, r-devel-windows-x86_64, r-patched-linux-x86_64, r-release-linux-x86_64, r-release-windows-x86_64