CRAN Package Check Results for Package simstudy

Last updated on 2025-07-19 13:50:26 CEST.

Flavor Version Tinstall Tcheck Ttotal Status Flags
r-devel-linux-x86_64-debian-clang 0.8.1 19.20 304.40 323.60 NOTE
r-devel-linux-x86_64-debian-gcc 0.8.1 14.87 201.67 216.54 NOTE
r-devel-linux-x86_64-fedora-clang 0.8.1 513.76 NOTE
r-devel-linux-x86_64-fedora-gcc 0.8.1 488.47 NOTE
r-devel-windows-x86_64 0.8.1 24.00 306.00 330.00 NOTE
r-patched-linux-x86_64 0.8.1 21.03 272.65 293.68 NOTE
r-release-linux-x86_64 0.8.1 19.59 272.59 292.18 NOTE
r-release-macos-arm64 0.8.1 163.00 NOTE
r-release-macos-x86_64 0.8.1 289.00 NOTE
r-release-windows-x86_64 0.8.1 23.00 307.00 330.00 NOTE
r-oldrel-macos-arm64 0.8.1 156.00 OK
r-oldrel-macos-x86_64 0.8.1 395.00 OK
r-oldrel-windows-x86_64 0.8.1 30.00 420.00 450.00 OK

Check Details

Version: 0.8.1
Check: DESCRIPTION meta-information
Result: NOTE Missing dependency on R >= 4.1.0 because package code uses the pipe |> or function shorthand \(...) syntax added in R 4.1.0. File(s) using such syntax: ‘addCorGen.Rd’ Flavors: r-devel-linux-x86_64-debian-clang, r-devel-linux-x86_64-debian-gcc, r-devel-linux-x86_64-fedora-clang, r-devel-linux-x86_64-fedora-gcc, r-devel-windows-x86_64, r-patched-linux-x86_64, r-release-linux-x86_64, r-release-macos-arm64, r-release-macos-x86_64, r-release-windows-x86_64