Last updated on 2025-05-19 12:50:17 CEST.
Flavor | Version | Tinstall | Tcheck | Ttotal | Status | Flags |
---|---|---|---|---|---|---|
r-devel-linux-x86_64-debian-clang | 0.0.6 | 2.13 | 23.84 | 25.97 | NOTE | |
r-devel-linux-x86_64-debian-gcc | 0.0.6 | 1.82 | 19.12 | 20.94 | NOTE | |
r-devel-linux-x86_64-fedora-clang | 0.0.6 | 41.43 | NOTE | |||
r-devel-linux-x86_64-fedora-gcc | 0.0.6 | 52.73 | NOTE | |||
r-devel-windows-x86_64 | 0.0.6 | 5.00 | 58.00 | 63.00 | NOTE | |
r-patched-linux-x86_64 | 0.0.6 | 2.37 | 22.94 | 25.31 | NOTE | |
r-release-linux-x86_64 | 0.0.6 | 2.20 | 23.11 | 25.31 | NOTE | |
r-release-macos-arm64 | 0.0.6 | 24.00 | NOTE | |||
r-release-macos-x86_64 | 0.0.6 | 41.00 | NOTE | |||
r-release-windows-x86_64 | 0.0.6 | 4.00 | 61.00 | 65.00 | NOTE | |
r-oldrel-macos-arm64 | 0.0.6 | 24.00 | OK | |||
r-oldrel-macos-x86_64 | 0.0.6 | 33.00 | OK | |||
r-oldrel-windows-x86_64 | 0.0.6 | 3.00 | 53.00 | 56.00 | OK |
Version: 0.0.6
Check: DESCRIPTION meta-information
Result: NOTE
Missing dependency on R >= 4.1.0 because package code uses the pipe
|> or function shorthand \(...) syntax added in R 4.1.0.
File(s) using such syntax:
‘markdown_block.R’
Flavors: r-devel-linux-x86_64-debian-clang, r-devel-linux-x86_64-debian-gcc, r-devel-linux-x86_64-fedora-clang, r-devel-linux-x86_64-fedora-gcc, r-devel-windows-x86_64, r-patched-linux-x86_64, r-release-linux-x86_64, r-release-macos-arm64, r-release-macos-x86_64, r-release-windows-x86_64