Last updated on 2025-05-19 12:50:17 CEST.
Flavor | Version | Tinstall | Tcheck | Ttotal | Status | Flags |
---|---|---|---|---|---|---|
r-devel-linux-x86_64-debian-clang | 2.6.1 | 8.11 | 127.94 | 136.05 | NOTE | |
r-devel-linux-x86_64-debian-gcc | 2.6.1 | 6.05 | 79.15 | 85.20 | NOTE | |
r-devel-linux-x86_64-fedora-clang | 2.6.1 | 232.25 | OK | |||
r-devel-linux-x86_64-fedora-gcc | 2.6.1 | 229.05 | OK | |||
r-devel-windows-x86_64 | 2.6.1 | 10.00 | 197.00 | 207.00 | OK | |
r-patched-linux-x86_64 | 2.6.1 | 7.74 | 123.01 | 130.75 | OK | |
r-release-linux-x86_64 | 2.6.1 | 6.79 | 124.53 | 131.32 | OK | |
r-release-macos-arm64 | 2.6.1 | 73.00 | OK | |||
r-release-macos-x86_64 | 2.6.1 | 145.00 | OK | |||
r-release-windows-x86_64 | 2.6.1 | 10.00 | 191.00 | 201.00 | OK | |
r-oldrel-macos-arm64 | 2.6.1 | 78.00 | OK | |||
r-oldrel-macos-x86_64 | 2.6.1 | 183.00 | OK | |||
r-oldrel-windows-x86_64 | 2.6.1 | 11.00 | 177.00 | 188.00 | OK |
Version: 2.6.1
Check: CRAN incoming feasibility
Result: NOTE
Maintainer: ‘Axel Gandy <a.gandy@imperial.ac.uk>’
Package CITATION file contains call(s) to old-style citEntry(). Please
use bibentry() instead.
Flavors: r-devel-linux-x86_64-debian-clang, r-devel-linux-x86_64-debian-gcc