CRAN Package Check Results for Package simTool

Last updated on 2025-02-22 00:50:00 CET.

Flavor Version Tinstall Tcheck Ttotal Status Flags
r-devel-linux-x86_64-debian-clang 1.1.7 4.43 54.80 59.23 NOTE
r-devel-linux-x86_64-debian-gcc 1.1.7 2.96 38.13 41.09 NOTE
r-devel-linux-x86_64-fedora-clang 1.1.7 93.16 OK
r-devel-linux-x86_64-fedora-gcc 1.1.7 100.64 OK
r-devel-macos-arm64 1.1.7 49.00 OK
r-devel-macos-x86_64 1.1.7 89.00 OK
r-devel-windows-x86_64 1.1.7 7.00 95.00 102.00 NOTE
r-patched-linux-x86_64 1.1.7 9.41 49.23 58.64 OK
r-release-linux-x86_64 1.1.7 4.05 49.69 53.74 OK
r-release-macos-arm64 1.1.7 44.00 OK
r-release-macos-x86_64 1.1.7 70.00 OK
r-release-windows-x86_64 1.1.7 6.00 88.00 94.00 OK
r-oldrel-macos-arm64 1.1.7 44.00 OK
r-oldrel-macos-x86_64 1.1.7 74.00 OK
r-oldrel-windows-x86_64 1.1.7 7.00 102.00 109.00 OK

Check Details

Version: 1.1.7
Check: Rd cross-references
Result: NOTE Found the following Rd file(s) with Rd \link{} targets missing package anchors: expand_tibble.Rd: tibble Please provide package anchors for all Rd \link{} targets not in the package itself and the base packages. Flavors: r-devel-linux-x86_64-debian-clang, r-devel-linux-x86_64-debian-gcc, r-devel-windows-x86_64