CRAN Package Check Results for Package shp2graph

Last updated on 2025-07-21 12:50:16 CEST.

Flavor Version Tinstall Tcheck Ttotal Status Flags
r-devel-linux-x86_64-debian-clang 1-0 5.82 66.24 72.06 NOTE
r-devel-linux-x86_64-debian-gcc 1-0 4.37 45.55 49.92 NOTE
r-devel-linux-x86_64-fedora-clang 1-0 111.78 OK
r-devel-linux-x86_64-fedora-gcc 1-0 108.04 OK
r-devel-windows-x86_64 1-0 10.00 79.00 89.00 OK
r-patched-linux-x86_64 1-0 6.20 62.85 69.05 OK
r-release-linux-x86_64 1-0 5.08 62.20 67.28 OK
r-release-macos-arm64 1-0 36.00 OK
r-release-macos-x86_64 1-0 68.00 OK
r-release-windows-x86_64 1-0 9.00 80.00 89.00 OK
r-oldrel-macos-arm64 1-0 31.00 OK
r-oldrel-macos-x86_64 1-0 50.00 OK
r-oldrel-windows-x86_64 1-0 12.00 105.00 117.00 OK

Check Details

Version: 1-0
Check: CRAN incoming feasibility
Result: NOTE Maintainer: ‘Binbin Lu <binbinlu@whu.edu.cn>’ No Authors@R field in DESCRIPTION. Please add one, modifying Authors@R: person(given = "Binbin", family = "Lu", role = c("aut", "cre"), email = "binbinlu@whu.edu.cn") as necessary. Flavors: r-devel-linux-x86_64-debian-clang, r-devel-linux-x86_64-debian-gcc