Last updated on 2025-07-20 12:49:37 CEST.
Flavor | Version | Tinstall | Tcheck | Ttotal | Status | Flags |
---|---|---|---|---|---|---|
r-devel-linux-x86_64-debian-clang | 0.8.2 | 18.08 | 164.06 | 182.14 | NOTE | |
r-devel-linux-x86_64-debian-gcc | 0.8.2 | 10.06 | 116.43 | 126.49 | NOTE | |
r-devel-linux-x86_64-fedora-clang | 0.8.2 | 279.77 | OK | |||
r-devel-linux-x86_64-fedora-gcc | 0.8.2 | 300.74 | OK | |||
r-devel-windows-x86_64 | 0.8.2 | 18.00 | 196.00 | 214.00 | OK | |
r-patched-linux-x86_64 | 0.8.2 | 19.22 | 156.88 | 176.10 | OK | |
r-release-linux-x86_64 | 0.8.2 | 16.07 | 155.06 | 171.13 | OK | |
r-release-macos-arm64 | 0.8.2 | 101.00 | OK | |||
r-release-macos-x86_64 | 0.8.2 | 213.00 | OK | |||
r-release-windows-x86_64 | 0.8.2 | 19.00 | 194.00 | 213.00 | OK | |
r-oldrel-macos-arm64 | 0.8.2 | 89.00 | OK | |||
r-oldrel-macos-x86_64 | 0.8.2 | 204.00 | OK | |||
r-oldrel-windows-x86_64 | 0.8.2 | 26.00 | 233.00 | 259.00 | OK |
Version: 0.8.2
Check: CRAN incoming feasibility
Result: NOTE
Maintainer: ‘Daniel Wollschlaeger <dwoll@kuci.org>’
No Authors@R field in DESCRIPTION.
Please add one, modifying
Authors@R: person(given = "Daniel",
family = "Wollschlaeger",
role = c("aut", "cre"),
email = "dwoll@kuci.org")
as necessary.
Flavors: r-devel-linux-x86_64-debian-clang, r-devel-linux-x86_64-debian-gcc