Last updated on 2024-06-30 00:59:26 CEST.
Flavor | Version | Tinstall | Tcheck | Ttotal | Status | Flags |
---|---|---|---|---|---|---|
r-devel-linux-x86_64-debian-clang | 0.1.0 | 17.87 | 137.17 | 155.04 | NOTE | |
r-devel-linux-x86_64-debian-gcc | 0.1.0 | 13.28 | 98.47 | 111.75 | NOTE | |
r-devel-linux-x86_64-fedora-clang | 0.1.0 | 197.94 | NOTE | |||
r-devel-linux-x86_64-fedora-gcc | 0.1.0 | 186.41 | NOTE | |||
r-devel-windows-x86_64 | 0.1.0 | 16.00 | 106.00 | 122.00 | NOTE | |
r-patched-linux-x86_64 | 0.1.0 | 11.75 | 126.14 | 137.89 | NOTE | |
r-release-linux-x86_64 | 0.1.0 | 11.30 | 127.64 | 138.94 | NOTE | |
r-release-macos-arm64 | 0.1.0 | 51.00 | NOTE | |||
r-release-macos-x86_64 | 0.1.0 | 73.00 | NOTE | |||
r-release-windows-x86_64 | 0.1.0 | 16.00 | 106.00 | 122.00 | NOTE | |
r-oldrel-macos-arm64 | 0.1.0 | 59.00 | NOTE | |||
r-oldrel-macos-x86_64 | 0.1.0 | 95.00 | NOTE | |||
r-oldrel-windows-x86_64 | 0.1.0 | 20.00 | 134.00 | 154.00 | NOTE |
Version: 0.1.0
Check: LazyData
Result: NOTE
'LazyData' is specified without a 'data' directory
Flavors: r-devel-linux-x86_64-debian-clang, r-devel-linux-x86_64-debian-gcc, r-devel-linux-x86_64-fedora-clang, r-devel-linux-x86_64-fedora-gcc, r-devel-windows-x86_64, r-patched-linux-x86_64, r-release-linux-x86_64, r-release-macos-arm64, r-release-macos-x86_64, r-release-windows-x86_64, r-oldrel-macos-arm64, r-oldrel-macos-x86_64, r-oldrel-windows-x86_64