Last updated on 2025-05-19 12:50:17 CEST.
Flavor | Version | Tinstall | Tcheck | Ttotal | Status | Flags |
---|---|---|---|---|---|---|
r-devel-linux-x86_64-debian-clang | 1.2.0 | 2.70 | 26.85 | 29.55 | OK | |
r-devel-linux-x86_64-debian-gcc | 1.2.0 | 2.04 | 20.45 | 22.49 | OK | |
r-devel-linux-x86_64-fedora-clang | 1.2.0 | 45.95 | OK | |||
r-devel-linux-x86_64-fedora-gcc | 1.2.0 | 45.66 | OK | |||
r-devel-windows-x86_64 | 1.2.0 | 5.00 | 71.00 | 76.00 | OK | |
r-patched-linux-x86_64 | 1.2.0 | 3.59 | 25.57 | 29.16 | OK | |
r-release-linux-x86_64 | 1.2.0 | 2.61 | 25.90 | 28.51 | OK | |
r-release-macos-arm64 | 1.2.0 | 25.00 | OK | |||
r-release-macos-x86_64 | 1.2.0 | 35.00 | OK | |||
r-release-windows-x86_64 | 1.2.0 | 5.00 | 67.00 | 72.00 | OK | |
r-oldrel-macos-arm64 | 1.2.0 | 20.00 | NOTE | |||
r-oldrel-macos-x86_64 | 1.2.0 | 30.00 | NOTE | |||
r-oldrel-windows-x86_64 | 1.2.0 | 6.00 | 59.00 | 65.00 | NOTE |
Version: 1.2.0
Check: LazyData
Result: NOTE
'LazyData' is specified without a 'data' directory
Flavors: r-oldrel-macos-arm64, r-oldrel-macos-x86_64, r-oldrel-windows-x86_64